{"id":6491,"date":"2020-02-17T16:16:05","date_gmt":"2020-02-17T16:16:05","guid":{"rendered":"https:\/\/recreacionhistoria.com\/events\/fiesta-arribada-baiona-2020\/"},"modified":"2020-02-17T16:25:10","modified_gmt":"2020-02-17T16:25:10","slug":"fiesta-arribada-baiona-2020","status":"publish","type":"mec-events","link":"https:\/\/recreacionhistoria.com\/gl\/events\/fiesta-arribada-baiona-2020\/","title":{"rendered":"Festa Arribada, Baiona 2020"},"content":{"rendered":"<p>Una das primeiras festas de recreaci\u00f3n hist\u00f3rica do ano \u00e9 a que se celebra na localidade pontevedresa de Baiona. <em><strong>A Arribada<\/strong><\/em>, que celebrar\u00e1 a s\u00faa <strong><em>25\u00aa edici\u00f3n<\/em><\/strong>, ter\u00e1 lugar <strong><em>os d\u00edas 28, 29 de febreiro e 1 de marzo.<\/em><\/strong><\/p>\n<p><img fetchpriority=\"high\" decoding=\"async\" class=\"size-medium wp-image-6486 alignleft\" src=\"https:\/\/recreacionhistoria.com\/wp-content\/uploads\/2020\/02\/CartelFestaArribada2020-214x300.jpg\" alt=\"\" width=\"214\" height=\"300\" title=\"\" srcset=\"https:\/\/recreacionhistoria.com\/wp-content\/uploads\/2020\/02\/CartelFestaArribada2020-214x300.jpg 214w, https:\/\/recreacionhistoria.com\/wp-content\/uploads\/2020\/02\/CartelFestaArribada2020.jpg 686w\" sizes=\"(max-width: 214px) 100vw, 214px\" \/><\/p>\n<p>Esta festa, declarada de Interese Tur\u00edstico Internacional, conmemora leste o 527 aniversario da chegada da chegada da carabela a Pinta, capitaneada por Mart\u00edn Alonso Pinz\u00f3n, tras o descubrimento de Am\u00e9rica. Feito que supuxo que Baiona fose o primeiro lugar de Europa que tivese constancia de tan enorme xesta.<\/p>\n<p>&nbsp;<\/p>\n<p>Nesta ligaz\u00f3n podedes ver o v\u00eddeo promocional do evento:<\/p>\n<p><a href=\"https:\/\/www.youtube.com\/watch?v=Q8jgjFMnmM0\" target=\"_blank\" rel=\"noopener\">V\u00eddeo en galego<\/a><\/p>\n","protected":false},"excerpt":{"rendered":"<p>Una das primeiras festas de recreaci\u00f3n hist\u00f3rica do ano \u00e9 a que se celebra na localidade pontevedresa de Baiona. A Arribada, que celebrar\u00e1 a s\u00faa 25\u00aa edici\u00f3n, ter\u00e1 lugar os d\u00edas 28, 29 de febreiro e 1 de marzo. Esta festa, declarada de Interese Tur\u00edstico Internacional, conmemora leste o 527 aniversario da chegada da chegada&hellip;<\/p>\n","protected":false},"author":2,"featured_media":6489,"comment_status":"open","ping_status":"closed","template":"","tags":[909,314,226,227,406,210,211,256],"mec_category":[395,450],"class_list":["post-6491","mec-events","type-mec-events","status-publish","has-post-thumbnail","hentry","tag-2020-gl","tag-baiona-gl","tag-feiras","tag-festa","tag-festa-arribada-gl","tag-medieval-gl","tag-mercado-2-gl","tag-pontevedra-provincia-gl","mec_category-feiras-e-mercados-medievais","mec_category-historia","description-off"],"_links":{"self":[{"href":"https:\/\/recreacionhistoria.com\/gl\/wp-json\/wp\/v2\/mec-events\/6491","targetHints":{"allow":["GET"]}}],"collection":[{"href":"https:\/\/recreacionhistoria.com\/gl\/wp-json\/wp\/v2\/mec-events"}],"about":[{"href":"https:\/\/recreacionhistoria.com\/gl\/wp-json\/wp\/v2\/types\/mec-events"}],"author":[{"embeddable":true,"href":"https:\/\/recreacionhistoria.com\/gl\/wp-json\/wp\/v2\/users\/2"}],"replies":[{"embeddable":true,"href":"https:\/\/recreacionhistoria.com\/gl\/wp-json\/wp\/v2\/comments?post=6491"}],"wp:featuredmedia":[{"embeddable":true,"href":"https:\/\/recreacionhistoria.com\/gl\/wp-json\/wp\/v2\/media\/6489"}],"wp:attachment":[{"href":"https:\/\/recreacionhistoria.com\/gl\/wp-json\/wp\/v2\/media?parent=6491"}],"wp:term":[{"taxonomy":"post_tag","embeddable":true,"href":"https:\/\/recreacionhistoria.com\/gl\/wp-json\/wp\/v2\/tags?post=6491"},{"taxonomy":"mec_category","embeddable":true,"href":"https:\/\/recreacionhistoria.com\/gl\/wp-json\/wp\/v2\/mec_category?post=6491"}],"curies":[{"name":"wp","href":"https:\/\/api.w.org\/{rel}","templated":true}]}}

<p>Una das primeiras festas de recreación histórica do ano é a que se celebra na localidade pontevedresa de Baiona. <em><strong>A Arribada</strong></em>, que celebrará a súa <strong><em>25ª edición</em></strong>, terá lugar <strong><em>os días 28, 29 de febreiro e 1 de marzo.</em></strong></p>
<p><img fetchpriority="high" decoding="async" class="size-medium wp-image-6486 alignleft" src="https://recreacionhistoria.com/wp-content/uploads/2020/02/CartelFestaArribada2020-214x300.jpg" alt="" width="214" height="300" title="" srcset="https://recreacionhistoria.com/wp-content/uploads/2020/02/CartelFestaArribada2020-214x300.jpg 214w, https://recreacionhistoria.com/wp-content/uploads/2020/02/CartelFestaArribada2020.jpg 686w" sizes="(max-width: 214px) 100vw, 214px" /></p>
<p>Esta festa, declarada de Interese Turístico Internacional, conmemora leste o 527 aniversario da chegada da chegada da carabela a Pinta, capitaneada por Martín Alonso Pinzón, tras o descubrimento de América. Feito que supuxo que Baiona fose o primeiro lugar de Europa que tivese constancia de tan enorme xesta.</p>
<p>&nbsp;</p>
<p>Nesta ligazón podedes ver o vídeo promocional do evento:</p>
<p><a href="https://www.youtube.com/watch?v=Q8jgjFMnmM0" target="_blank" rel="noopener">Vídeo en galego</a></p>

<p>Una das primeiras festas de recreación histórica do ano é a que se celebra na localidade pontevedresa de Baiona. A Arribada, que celebrará a súa 25ª edición, terá lugar os días 28, 29 de febreiro e 1 de marzo. Esta festa, declarada de Interese Turístico Internacional, conmemora leste o 527 aniversario da chegada da chegada&hellip;</p>
