{"id":5488,"date":"2019-07-29T06:20:33","date_gmt":"2019-07-29T06:20:33","guid":{"rendered":"https:\/\/recreacionhistoria.com\/events\/romeria-de-sainza-rairiz-de-veiga\/"},"modified":"2019-07-29T07:21:22","modified_gmt":"2019-07-29T07:21:22","slug":"romeria-de-sainza-rairiz-de-veiga","status":"publish","type":"mec-events","link":"https:\/\/recreacionhistoria.com\/gl\/events\/romeria-de-sainza-rairiz-de-veiga\/","title":{"rendered":"Romar\u00eda de Sa\u00ednza, Rairiz de Veiga"},"content":{"rendered":"<p>A <strong><em>Romar\u00eda de Sa\u00ednza<\/em><\/strong>, na localidade ourens\u00e1 de Rairiz de Veiga ter\u00e1 lugar o d\u00eda 22 de setembro.<\/p>\n<p>Festa de Interese Tur\u00edstico Galego, cunha forte compo\u00f1ente identificativa para os limianos. Esta romar\u00eda v\u00e9n celebrando desde 1840, data na que se incorpora o combate de mouros e cristi\u00e1ns, congregando cada domingo pr\u00f3ximo ao 24 de setiembre a miles de romeus. No campo do castilla da Sa\u00ednza ten lugar o Ataque, representaci\u00f3n da batalla entre os dous bandos representantes do ben e do mal, que finaliza coa vitoria dos cristi\u00e1ns sobre os mouros e a queima do castelo rebelde.<\/p>\n","protected":false},"excerpt":{"rendered":"<p>A Romar\u00eda de Sa\u00ednza, na localidade ourens\u00e1 de Rairiz de Veiga ter\u00e1 lugar o d\u00eda 22 de setembro. Festa de Interese Tur\u00edstico Galego, cunha forte compo\u00f1ente identificativa para os limianos. Esta romar\u00eda v\u00e9n celebrando desde 1840, data na que se incorpora o combate de mouros e cristi\u00e1ns, congregando cada domingo pr\u00f3ximo ao 24 de setiembre&hellip;<\/p>\n","protected":false},"author":2,"featured_media":5485,"comment_status":"open","ping_status":"closed","template":"","tags":[226,374,227,211,213,719,214,720,556,428],"mec_category":[450,427],"class_list":["post-5488","mec-events","type-mec-events","status-publish","has-post-thumbnail","hentry","tag-feiras","tag-feria-gl","tag-festa","tag-mercado-2-gl","tag-noroeste-peninsular-gl","tag-ourense-gl","tag-peninsula-iberica-gl","tag-rairiz-de-veiga-gl","tag-romaria","tag-romeria","mec_category-historia","mec_category-feiras-e-mercados-normados-viquingos","description-off"],"_links":{"self":[{"href":"https:\/\/recreacionhistoria.com\/gl\/wp-json\/wp\/v2\/mec-events\/5488","targetHints":{"allow":["GET"]}}],"collection":[{"href":"https:\/\/recreacionhistoria.com\/gl\/wp-json\/wp\/v2\/mec-events"}],"about":[{"href":"https:\/\/recreacionhistoria.com\/gl\/wp-json\/wp\/v2\/types\/mec-events"}],"author":[{"embeddable":true,"href":"https:\/\/recreacionhistoria.com\/gl\/wp-json\/wp\/v2\/users\/2"}],"replies":[{"embeddable":true,"href":"https:\/\/recreacionhistoria.com\/gl\/wp-json\/wp\/v2\/comments?post=5488"}],"wp:featuredmedia":[{"embeddable":true,"href":"https:\/\/recreacionhistoria.com\/gl\/wp-json\/wp\/v2\/media\/5485"}],"wp:attachment":[{"href":"https:\/\/recreacionhistoria.com\/gl\/wp-json\/wp\/v2\/media?parent=5488"}],"wp:term":[{"taxonomy":"post_tag","embeddable":true,"href":"https:\/\/recreacionhistoria.com\/gl\/wp-json\/wp\/v2\/tags?post=5488"},{"taxonomy":"mec_category","embeddable":true,"href":"https:\/\/recreacionhistoria.com\/gl\/wp-json\/wp\/v2\/mec_category?post=5488"}],"curies":[{"name":"wp","href":"https:\/\/api.w.org\/{rel}","templated":true}]}}

Romaría de Saínza, Rairiz de Veiga

<p>A <strong><em>Romaría de Saínza</em></strong>, na localidade ourensá de Rairiz de Veiga terá lugar o día 22 de setembro.</p>
<p>Festa de Interese Turístico Galego, cunha forte compoñente identificativa para os limianos. Esta romaría vén celebrando desde 1840, data na que se incorpora o combate de mouros e cristiáns, congregando cada domingo próximo ao 24 de setiembre a miles de romeus. No campo do castilla da Saínza ten lugar o Ataque, representación da batalla entre os dous bandos representantes do ben e do mal, que finaliza coa vitoria dos cristiáns sobre os mouros e a queima do castelo rebelde.</p>

<p>A Romaría de Saínza, na localidade ourensá de Rairiz de Veiga terá lugar o día 22 de setembro. Festa de Interese Turístico Galego, cunha forte compoñente identificativa para os limianos. Esta romaría vén celebrando desde 1840, data na que se incorpora o combate de mouros e cristiáns, congregando cada domingo próximo ao 24 de setiembre&hellip;</p>
