{"id":5217,"date":"2019-07-19T09:28:31","date_gmt":"2019-07-19T09:28:31","guid":{"rendered":"https:\/\/recreacionhistoria.com\/events\/feira-do-romanico-en-negreira\/"},"modified":"2019-07-19T09:34:05","modified_gmt":"2019-07-19T09:34:05","slug":"feira-do-romanico-en-negreira","status":"publish","type":"mec-events","link":"https:\/\/recreacionhistoria.com\/gl\/events\/feira-do-romanico-en-negreira\/","title":{"rendered":"Feira do Rom\u00e1nico en Negreira"},"content":{"rendered":"<p>A nova edici\u00f3n da <strong><em>Feira do Rom\u00e1nico<\/em><\/strong> que vense celebrando cada ano na localidade coru\u00f1esa de<strong><em> Negreira,\u00a0<\/em><\/strong> ter\u00e1 lugar os d\u00edas 30 de agosto a 1 de setembro.<\/p>\n<p><img fetchpriority=\"high\" decoding=\"async\" class=\"size-medium wp-image-5211 alignleft\" src=\"https:\/\/recreacionhistoria.com\/wp-content\/uploads\/2019\/07\/CartelFeiraRomanicoNegreira2019-1.jpg\" alt=\"\" width=\"215\" height=\"300\" title=\"\" srcset=\"https:\/\/recreacionhistoria.com\/wp-content\/uploads\/2019\/07\/CartelFeiraRomanicoNegreira2019-1.jpg 688w, https:\/\/recreacionhistoria.com\/wp-content\/uploads\/2019\/07\/CartelFeiraRomanicoNegreira2019-1-215x300.jpg 215w\" sizes=\"(max-width: 215px) 100vw, 215px\" \/><\/p>\n","protected":false},"excerpt":{"rendered":"<p>A nova edici\u00f3n da Feira do Rom\u00e1nico que vense celebrando cada ano na localidade coru\u00f1esa de Negreira,\u00a0 ter\u00e1 lugar os d\u00edas 30 de agosto a 1 de setembro.<\/p>\n","protected":false},"author":2,"featured_media":5214,"comment_status":"open","ping_status":"closed","template":"","tags":[124,226,374,227,375,210,211,213,214],"mec_category":[450,395],"class_list":["post-5217","mec-events","type-mec-events","status-publish","has-post-thumbnail","hentry","tag-a-coruna-provincia-gl","tag-feiras","tag-feria-gl","tag-festa","tag-fiesta-gl","tag-medieval-gl","tag-mercado-2-gl","tag-noroeste-peninsular-gl","tag-peninsula-iberica-gl","mec_category-historia","mec_category-feiras-e-mercados-medievais","description-off"],"_links":{"self":[{"href":"https:\/\/recreacionhistoria.com\/gl\/wp-json\/wp\/v2\/mec-events\/5217","targetHints":{"allow":["GET"]}}],"collection":[{"href":"https:\/\/recreacionhistoria.com\/gl\/wp-json\/wp\/v2\/mec-events"}],"about":[{"href":"https:\/\/recreacionhistoria.com\/gl\/wp-json\/wp\/v2\/types\/mec-events"}],"author":[{"embeddable":true,"href":"https:\/\/recreacionhistoria.com\/gl\/wp-json\/wp\/v2\/users\/2"}],"replies":[{"embeddable":true,"href":"https:\/\/recreacionhistoria.com\/gl\/wp-json\/wp\/v2\/comments?post=5217"}],"wp:featuredmedia":[{"embeddable":true,"href":"https:\/\/recreacionhistoria.com\/gl\/wp-json\/wp\/v2\/media\/5214"}],"wp:attachment":[{"href":"https:\/\/recreacionhistoria.com\/gl\/wp-json\/wp\/v2\/media?parent=5217"}],"wp:term":[{"taxonomy":"post_tag","embeddable":true,"href":"https:\/\/recreacionhistoria.com\/gl\/wp-json\/wp\/v2\/tags?post=5217"},{"taxonomy":"mec_category","embeddable":true,"href":"https:\/\/recreacionhistoria.com\/gl\/wp-json\/wp\/v2\/mec_category?post=5217"}],"curies":[{"name":"wp","href":"https:\/\/api.w.org\/{rel}","templated":true}]}}

Feira do Románico en Negreira

<p>A nova edición da <strong><em>Feira do Románico</em></strong> que vense celebrando cada ano na localidade coruñesa de<strong><em> Negreira, </em></strong> terá lugar os días 30 de agosto a 1 de setembro.</p>
<p><img fetchpriority="high" decoding="async" class="size-medium wp-image-5211 alignleft" src="https://recreacionhistoria.com/wp-content/uploads/2019/07/CartelFeiraRomanicoNegreira2019-1.jpg" alt="" width="215" height="300" title="" srcset="https://recreacionhistoria.com/wp-content/uploads/2019/07/CartelFeiraRomanicoNegreira2019-1.jpg 688w, https://recreacionhistoria.com/wp-content/uploads/2019/07/CartelFeiraRomanicoNegreira2019-1-215x300.jpg 215w" sizes="(max-width: 215px) 100vw, 215px" /></p>

<p>A nova edición da Feira do Románico que vense celebrando cada ano na localidade coruñesa de Negreira,  terá lugar os días 30 de agosto a 1 de setembro.</p>
