{"id":4847,"date":"2019-06-18T21:40:40","date_gmt":"2019-06-18T21:40:40","guid":{"rendered":"https:\/\/recreacionhistoria.com\/events\/mercado-medieval-alfoz-2019\/"},"modified":"2019-06-18T21:45:32","modified_gmt":"2019-06-18T21:45:32","slug":"mercado-medieval-alfoz-2019","status":"publish","type":"mec-events","link":"https:\/\/recreacionhistoria.com\/gl\/events\/mercado-medieval-alfoz-2019\/","title":{"rendered":"Mercado Medieval Alfoz, 2019"},"content":{"rendered":"<p>A edici\u00f3n 2019 do <strong><em>Mercado Medieval de Alfoz<\/em><\/strong> ter\u00e1 lugar entre os d\u00edas 19 a 21 de xullo.<\/p>\n<p>O Mercado de tem\u00e1tica medieval vai ata o 1483, ano no que foi\u00a0 detido o Mariscal don Pedro Pardo de Cela nas inmediacions da Torre do Homenaxe do Castelo do Castro, que est\u00e1 asentada nun castro celta, e recrea un mercado da \u00e9poca con produtos de alimentaci\u00f3n e artesan\u00eda dos distintos sectores que conviv\u00edan na zona da Mari\u00f1a Lucense, onde cabo destacar un antigo horno de pan no que se coce pan e fanse talleres para nenos.<\/p>\n<p>Aparecen representados distintos personaxes da \u00e9poca, Juana a Beltraneja, o Mariscal e a s\u00faa familia, o bispo e o clero, guerreiros, e vasaios entre outros.<\/p>\n<p>Outras actividades que ambientan estas xornadas son as seguintes: ruta de senderismo, exposici\u00f3ns no interior da Torre, misa en lat\u00edn, representaci\u00f3ns teatrais varias, espect\u00e1culos de r\u00faa, malabares, monigotes, conta contos, vodas medievais, exposici\u00f3n e exhibici\u00f3n de aves rapaces, xogos medievais ecuestres, tiro con arco, degustaci\u00f3n de produtos e para terminar o evento, nunha zona preto da torre, cel\u00e9brase unha cea medieval, queimada e concerto de m\u00fasica folk.<\/p>\n","protected":false},"excerpt":{"rendered":"<p>A edici\u00f3n 2019 do Mercado Medieval de Alfoz ter\u00e1 lugar entre os d\u00edas 19 a 21 de xullo. O Mercado de tem\u00e1tica medieval vai ata o 1483, ano no que foi\u00a0 detido o Mariscal don Pedro Pardo de Cela nas inmediacions da Torre do Homenaxe do Castelo do Castro, que est\u00e1 asentada nun castro celta,&hellip;<\/p>\n","protected":false},"author":2,"featured_media":4845,"comment_status":"open","ping_status":"closed","template":"","tags":[345,226,227,126,277,210,211,213,214],"mec_category":[450,395],"class_list":["post-4847","mec-events","type-mec-events","status-publish","has-post-thumbnail","hentry","tag-alfoz","tag-feiras","tag-festa","tag-galicia-gl","tag-lugo-provincia-gl","tag-medieval-gl","tag-mercado-2-gl","tag-noroeste-peninsular-gl","tag-peninsula-iberica-gl","mec_category-historia","mec_category-feiras-e-mercados-medievais","description-off"],"_links":{"self":[{"href":"https:\/\/recreacionhistoria.com\/gl\/wp-json\/wp\/v2\/mec-events\/4847","targetHints":{"allow":["GET"]}}],"collection":[{"href":"https:\/\/recreacionhistoria.com\/gl\/wp-json\/wp\/v2\/mec-events"}],"about":[{"href":"https:\/\/recreacionhistoria.com\/gl\/wp-json\/wp\/v2\/types\/mec-events"}],"author":[{"embeddable":true,"href":"https:\/\/recreacionhistoria.com\/gl\/wp-json\/wp\/v2\/users\/2"}],"replies":[{"embeddable":true,"href":"https:\/\/recreacionhistoria.com\/gl\/wp-json\/wp\/v2\/comments?post=4847"}],"wp:featuredmedia":[{"embeddable":true,"href":"https:\/\/recreacionhistoria.com\/gl\/wp-json\/wp\/v2\/media\/4845"}],"wp:attachment":[{"href":"https:\/\/recreacionhistoria.com\/gl\/wp-json\/wp\/v2\/media?parent=4847"}],"wp:term":[{"taxonomy":"post_tag","embeddable":true,"href":"https:\/\/recreacionhistoria.com\/gl\/wp-json\/wp\/v2\/tags?post=4847"},{"taxonomy":"mec_category","embeddable":true,"href":"https:\/\/recreacionhistoria.com\/gl\/wp-json\/wp\/v2\/mec_category?post=4847"}],"curies":[{"name":"wp","href":"https:\/\/api.w.org\/{rel}","templated":true}]}}

<p>A edición 2019 do <strong><em>Mercado Medieval de Alfoz</em></strong> terá lugar entre os días 19 a 21 de xullo.</p>
<p>O Mercado de temática medieval vai ata o 1483, ano no que foi  detido o Mariscal don Pedro Pardo de Cela nas inmediacions da Torre do Homenaxe do Castelo do Castro, que está asentada nun castro celta, e recrea un mercado da época con produtos de alimentación e artesanía dos distintos sectores que convivían na zona da Mariña Lucense, onde cabo destacar un antigo horno de pan no que se coce pan e fanse talleres para nenos.</p>
<p>Aparecen representados distintos personaxes da época, Juana a Beltraneja, o Mariscal e a súa familia, o bispo e o clero, guerreiros, e vasaios entre outros.</p>
<p>Outras actividades que ambientan estas xornadas son as seguintes: ruta de senderismo, exposicións no interior da Torre, misa en latín, representacións teatrais varias, espectáculos de rúa, malabares, monigotes, conta contos, vodas medievais, exposición e exhibición de aves rapaces, xogos medievais ecuestres, tiro con arco, degustación de produtos e para terminar o evento, nunha zona preto da torre, celébrase unha cea medieval, queimada e concerto de música folk.</p>

<p>A edición 2019 do Mercado Medieval de Alfoz terá lugar entre os días 19 a 21 de xullo. O Mercado de temática medieval vai ata o 1483, ano no que foi  detido o Mariscal don Pedro Pardo de Cela nas inmediacions da Torre do Homenaxe do Castelo do Castro, que está asentada nun castro celta,&hellip;</p>
