{"id":4837,"date":"2019-06-18T21:24:34","date_gmt":"2019-06-18T21:24:34","guid":{"rendered":"https:\/\/recreacionhistoria.com\/events\/xxii-feria-medieval-noia-2019\/"},"modified":"2019-06-18T21:26:35","modified_gmt":"2019-06-18T21:26:35","slug":"xxii-feria-medieval-noia-2019","status":"publish","type":"mec-events","link":"https:\/\/recreacionhistoria.com\/gl\/events\/xxii-feria-medieval-noia-2019\/","title":{"rendered":"XXII Feira Medieval Noia, 2019"},"content":{"rendered":"<p>A XXII edici\u00f3n dla Feria Medieval de Noia, localidade coru\u00f1esa, ter\u00e1 lugar os d\u00edas 12 a 14 de xullo de 2019.<\/p>\n","protected":false},"excerpt":{"rendered":"<p>A XXII edici\u00f3n dla Feria Medieval de Noia, localidade coru\u00f1esa, ter\u00e1 lugar os d\u00edas 12 a 14 de xullo de 2019.<\/p>\n","protected":false},"author":2,"featured_media":4835,"comment_status":"open","ping_status":"closed","template":"","tags":[124,226,227,126,210,211,303,213,214],"mec_category":[450,395],"class_list":["post-4837","mec-events","type-mec-events","status-publish","has-post-thumbnail","hentry","tag-a-coruna-provincia-gl","tag-feiras","tag-festa","tag-galicia-gl","tag-medieval-gl","tag-mercado-2-gl","tag-noia-gl","tag-noroeste-peninsular-gl","tag-peninsula-iberica-gl","mec_category-historia","mec_category-feiras-e-mercados-medievais","description-off"],"_links":{"self":[{"href":"https:\/\/recreacionhistoria.com\/gl\/wp-json\/wp\/v2\/mec-events\/4837","targetHints":{"allow":["GET"]}}],"collection":[{"href":"https:\/\/recreacionhistoria.com\/gl\/wp-json\/wp\/v2\/mec-events"}],"about":[{"href":"https:\/\/recreacionhistoria.com\/gl\/wp-json\/wp\/v2\/types\/mec-events"}],"author":[{"embeddable":true,"href":"https:\/\/recreacionhistoria.com\/gl\/wp-json\/wp\/v2\/users\/2"}],"replies":[{"embeddable":true,"href":"https:\/\/recreacionhistoria.com\/gl\/wp-json\/wp\/v2\/comments?post=4837"}],"wp:featuredmedia":[{"embeddable":true,"href":"https:\/\/recreacionhistoria.com\/gl\/wp-json\/wp\/v2\/media\/4835"}],"wp:attachment":[{"href":"https:\/\/recreacionhistoria.com\/gl\/wp-json\/wp\/v2\/media?parent=4837"}],"wp:term":[{"taxonomy":"post_tag","embeddable":true,"href":"https:\/\/recreacionhistoria.com\/gl\/wp-json\/wp\/v2\/tags?post=4837"},{"taxonomy":"mec_category","embeddable":true,"href":"https:\/\/recreacionhistoria.com\/gl\/wp-json\/wp\/v2\/mec_category?post=4837"}],"curies":[{"name":"wp","href":"https:\/\/api.w.org\/{rel}","templated":true}]}}

<p>A XXII edición dla Feria Medieval de Noia, localidade coruñesa, terá lugar os días 12 a 14 de xullo de 2019.</p>
