{"id":4050,"date":"2019-02-07T10:42:10","date_gmt":"2019-02-07T10:42:10","guid":{"rendered":"https:\/\/recreacionhistoria.com\/events\/feria-medieval-viana-do-castelo\/"},"modified":"2019-02-07T10:59:46","modified_gmt":"2019-02-07T10:59:46","slug":"feria-medieval-viana-do-castelo","status":"publish","type":"mec-events","link":"https:\/\/recreacionhistoria.com\/gl\/events\/feria-medieval-viana-do-castelo\/","title":{"rendered":"Feira Medieval Viana do Castelo"},"content":{"rendered":"<p>A XIII edici\u00f3n da Feira Medieval que anualmente cel\u00e9brase na localidade portuguesa de Viana do Castelo, ter\u00e1 lugar os d\u00edas 14 a 16 de xu\u00f1o de 2019.<\/p>\n<p>Podedes ampliar m\u00e1is informaci\u00f3n na <a href=\"https:\/\/recreacionhistoria.com\/feria-medieval-viana-do-castelo\/?lang=gl\">nosa cr\u00f3nica da edici\u00f3n 2018<\/a>.<\/p>\n<p>&nbsp;<\/p>\n","protected":false},"excerpt":{"rendered":"<p>A XIII edici\u00f3n da Feira Medieval que anualmente cel\u00e9brase na localidade portuguesa de Viana do Castelo, ter\u00e1 lugar os d\u00edas 14 a 16 de xu\u00f1o de 2019. Podedes ampliar m\u00e1is informaci\u00f3n na nosa cr\u00f3nica da edici\u00f3n 2018. &nbsp;<\/p>\n","protected":false},"author":2,"featured_media":4048,"comment_status":"open","ping_status":"closed","template":"","tags":[226,374,227,375,210,211,213,252,325],"mec_category":[395],"class_list":["post-4050","mec-events","type-mec-events","status-publish","has-post-thumbnail","hentry","tag-feiras","tag-feria-gl","tag-festa","tag-fiesta-gl","tag-medieval-gl","tag-mercado-2-gl","tag-noroeste-peninsular-gl","tag-portugal-gl","tag-viana-do-castelo-gl","mec_category-feiras-e-mercados-medievais","description-off"],"_links":{"self":[{"href":"https:\/\/recreacionhistoria.com\/gl\/wp-json\/wp\/v2\/mec-events\/4050","targetHints":{"allow":["GET"]}}],"collection":[{"href":"https:\/\/recreacionhistoria.com\/gl\/wp-json\/wp\/v2\/mec-events"}],"about":[{"href":"https:\/\/recreacionhistoria.com\/gl\/wp-json\/wp\/v2\/types\/mec-events"}],"author":[{"embeddable":true,"href":"https:\/\/recreacionhistoria.com\/gl\/wp-json\/wp\/v2\/users\/2"}],"replies":[{"embeddable":true,"href":"https:\/\/recreacionhistoria.com\/gl\/wp-json\/wp\/v2\/comments?post=4050"}],"wp:featuredmedia":[{"embeddable":true,"href":"https:\/\/recreacionhistoria.com\/gl\/wp-json\/wp\/v2\/media\/4048"}],"wp:attachment":[{"href":"https:\/\/recreacionhistoria.com\/gl\/wp-json\/wp\/v2\/media?parent=4050"}],"wp:term":[{"taxonomy":"post_tag","embeddable":true,"href":"https:\/\/recreacionhistoria.com\/gl\/wp-json\/wp\/v2\/tags?post=4050"},{"taxonomy":"mec_category","embeddable":true,"href":"https:\/\/recreacionhistoria.com\/gl\/wp-json\/wp\/v2\/mec_category?post=4050"}],"curies":[{"name":"wp","href":"https:\/\/api.w.org\/{rel}","templated":true}]}}

<p>A XIII edición da Feira Medieval que anualmente celébrase na localidade portuguesa de Viana do Castelo, terá lugar os días 14 a 16 de xuño de 2019.</p>
<p>Podedes ampliar máis información na <a href="https://recreacionhistoria.com/feria-medieval-viana-do-castelo/?lang=gl">nosa crónica da edición 2018</a>.</p>
<p>&nbsp;</p>

<p>A XIII edición da Feira Medieval que anualmente celébrase na localidade portuguesa de Viana do Castelo, terá lugar os días 14 a 16 de xuño de 2019. Podedes ampliar máis información na nosa crónica da edición 2018. &nbsp;</p>
