{"id":3819,"date":"2019-01-14T13:18:13","date_gmt":"2019-01-14T13:18:13","guid":{"rendered":"https:\/\/recreacionhistoria.com\/events\/fiesta-de-la-historia-rivadavia\/"},"modified":"2019-02-07T12:48:16","modified_gmt":"2019-02-07T12:48:16","slug":"fiesta-de-la-historia-rivadavia","status":"publish","type":"mec-events","link":"https:\/\/recreacionhistoria.com\/gl\/events\/fiesta-de-la-historia-rivadavia\/","title":{"rendered":"Festa da Istoria, Rivadavia"},"content":{"rendered":"<p>Xa co\u00f1ecemos as datas para a edici\u00f3n 2019 da festa da Historia. Tomade boa nota porque merece a pena: 30 e 31 de agosto.<\/p>\n<p>Como informan na s\u00faa propia web esta festa l\u00e9vanos atr\u00e1s no tempo ata a xuder\u00eda medieval, recuperando as tradici\u00f3ns antigas e hist\u00f3ricas que formaron parte da historia da rexi\u00f3n. A contorna \u00e9 espectacular e est\u00e1 pensado para todas as idades, \u00e9 sen d\u00fabida una das mellores festas de Galicia.<\/p>\n<p>Nesta Festa da Istoria participan todos os veci\u00f1os de Rivadavia e conta cun amplo programa de actos que incl\u00faen ceas medievais, bailes, voda xud\u00eda, desfiles, cetrer\u00eda, teatro, tiro con arco, axedrez vivinte, o desfile polas principais r\u00faas da cidade e o soado combate entre cabaleiros.<\/p>\n<p>\u00c9 unha forma de recuperar as tradici\u00f3ns ancestrais e hist\u00f3ricas, que formaron parte da historia da comarca. O nivel de detalle desta festa \u00e9 moi completo, chegando a acu\u00f1ar a s\u00faa propia moeda, os maraved\u00eds, para a realizaci\u00f3n das distintas transaci\u00f3s comerciais. Os actos centrais son o Torneo Medieval, a representaci\u00f3n dunha Voda Xud\u00eda, terminando coa famosa Cea Medieval no castelo, onde \u00e9 imprescindible acudir vestido de \u00e9poca.<\/p>\n<p>Si queredes ampliar informaci\u00f3n, podedes consultar a <a href=\"https:\/\/recreacionhistoria.com\/fiesta-de-la-historia-ribadavia\/?lang=gl\">nosa entrada do ano 2018<\/a>.<\/p>\n","protected":false},"excerpt":{"rendered":"<p>Xa co\u00f1ecemos as datas para a edici\u00f3n 2019 da festa da Historia. Tomade boa nota porque merece a pena: 30 e 31 de agosto. Como informan na s\u00faa propia web esta festa l\u00e9vanos atr\u00e1s no tempo ata a xuder\u00eda medieval, recuperando as tradici\u00f3ns antigas e hist\u00f3ricas que formaron parte da historia da rexi\u00f3n. A contorna&hellip;<\/p>\n","protected":false},"author":2,"featured_media":3805,"comment_status":"open","ping_status":"closed","template":"","tags":[226,227,126,211,213,304,214,305],"mec_category":[395],"class_list":["post-3819","mec-events","type-mec-events","status-publish","has-post-thumbnail","hentry","tag-feiras","tag-festa","tag-galicia-gl","tag-mercado-2-gl","tag-noroeste-peninsular-gl","tag-ourense-provincia-gl","tag-peninsula-iberica-gl","tag-ribadavia-gl","mec_category-feiras-e-mercados-medievais","description-off"],"_links":{"self":[{"href":"https:\/\/recreacionhistoria.com\/gl\/wp-json\/wp\/v2\/mec-events\/3819","targetHints":{"allow":["GET"]}}],"collection":[{"href":"https:\/\/recreacionhistoria.com\/gl\/wp-json\/wp\/v2\/mec-events"}],"about":[{"href":"https:\/\/recreacionhistoria.com\/gl\/wp-json\/wp\/v2\/types\/mec-events"}],"author":[{"embeddable":true,"href":"https:\/\/recreacionhistoria.com\/gl\/wp-json\/wp\/v2\/users\/2"}],"replies":[{"embeddable":true,"href":"https:\/\/recreacionhistoria.com\/gl\/wp-json\/wp\/v2\/comments?post=3819"}],"wp:featuredmedia":[{"embeddable":true,"href":"https:\/\/recreacionhistoria.com\/gl\/wp-json\/wp\/v2\/media\/3805"}],"wp:attachment":[{"href":"https:\/\/recreacionhistoria.com\/gl\/wp-json\/wp\/v2\/media?parent=3819"}],"wp:term":[{"taxonomy":"post_tag","embeddable":true,"href":"https:\/\/recreacionhistoria.com\/gl\/wp-json\/wp\/v2\/tags?post=3819"},{"taxonomy":"mec_category","embeddable":true,"href":"https:\/\/recreacionhistoria.com\/gl\/wp-json\/wp\/v2\/mec_category?post=3819"}],"curies":[{"name":"wp","href":"https:\/\/api.w.org\/{rel}","templated":true}]}}

<p>Xa coñecemos as datas para a edición 2019 da festa da Historia. Tomade boa nota porque merece a pena: 30 e 31 de agosto.</p>
<p>Como informan na súa propia web esta festa lévanos atrás no tempo ata a xudería medieval, recuperando as tradicións antigas e históricas que formaron parte da historia da rexión. A contorna é espectacular e está pensado para todas as idades, é sen dúbida una das mellores festas de Galicia.</p>
<p>Nesta Festa da Istoria participan todos os veciños de Rivadavia e conta cun amplo programa de actos que inclúen ceas medievais, bailes, voda xudía, desfiles, cetrería, teatro, tiro con arco, axedrez vivinte, o desfile polas principais rúas da cidade e o soado combate entre cabaleiros.</p>
<p>É unha forma de recuperar as tradicións ancestrais e históricas, que formaron parte da historia da comarca. O nivel de detalle desta festa é moi completo, chegando a acuñar a súa propia moeda, os maravedís, para a realización das distintas transaciós comerciais. Os actos centrais son o Torneo Medieval, a representación dunha Voda Xudía, terminando coa famosa Cea Medieval no castelo, onde é imprescindible acudir vestido de época.</p>
<p>Si queredes ampliar información, podedes consultar a <a href="https://recreacionhistoria.com/fiesta-de-la-historia-ribadavia/?lang=gl">nosa entrada do ano 2018</a>.</p>

<p>Xa coñecemos as datas para a edición 2019 da festa da Historia. Tomade boa nota porque merece a pena: 30 e 31 de agosto. Como informan na súa propia web esta festa lévanos atrás no tempo ata a xudería medieval, recuperando as tradicións antigas e históricas que formaron parte da historia da rexión. A contorna&hellip;</p>
