{"id":15338,"date":"2024-04-26T11:01:59","date_gmt":"2024-04-26T10:01:59","guid":{"rendered":"https:\/\/recreacionhistoria.com\/events\/mercado-medieval-cambados\/"},"modified":"2024-04-28T15:42:48","modified_gmt":"2024-04-28T14:42:48","slug":"mercado-medieval-cambados","status":"publish","type":"mec-events","link":"https:\/\/recreacionhistoria.com\/gl\/events\/mercado-medieval-cambados\/","title":{"rendered":"Mercado Medieval Cambados"},"content":{"rendered":"<p>O Mercado Medieval de Cambados, na edicion 2024 ter\u00e1 lugar los \u00edas 24 a 26 de maio.<\/p>\n<p>Unha nova oportunidade para viaxar aos s\u00e9culos XVI e XVII, momentos de auxe do importante mercado que se fac\u00eda en Fefi\u00f1\u00e1ns.<\/p>\n<p>De novo os mercaderes e artes\u00e1ns acoller\u00e1n aos veci\u00f1os e visitantes de esta fermosa vila para revivir, de algunha maneira, a vida medieval, disfrutar da gastronom\u00eda, productos artesanais e moitas actividades: circo, xogos, obradoiros, m\u00fasica&#8230;<\/p>\n<p><img decoding=\"async\" class=\"alignnone size-medium wp-image-15335\" src=\"https:\/\/recreacionhistoria.com\/wp-content\/uploads\/2024\/04\/MERCADO_MEDIEVAL_CAMBADOS_2024_post_web-300x150.jpg\" alt=\"\" width=\"300\" height=\"150\" title=\"\" srcset=\"https:\/\/recreacionhistoria.com\/wp-content\/uploads\/2024\/04\/MERCADO_MEDIEVAL_CAMBADOS_2024_post_web-300x150.jpg 300w, https:\/\/recreacionhistoria.com\/wp-content\/uploads\/2024\/04\/MERCADO_MEDIEVAL_CAMBADOS_2024_post_web.jpg 552w\" sizes=\"(max-width: 300px) 100vw, 300px\" \/><\/p>\n","protected":false},"excerpt":{"rendered":"<p>O Mercado Medieval de Cambados, Pontevedra, na edici\u00f3n 2024, ter\u00e1 lugar entre os d\u00edas 24 e 26 de maio.<\/p>\n","protected":false},"author":2,"featured_media":15269,"comment_status":"open","ping_status":"closed","template":"","tags":[3341,2871,226,227,126,210,211,256],"mec_category":[],"class_list":["post-15338","mec-events","type-mec-events","status-publish","has-post-thumbnail","hentry","tag-2024-gl","tag-cambados-gl","tag-feiras","tag-festa","tag-galicia-gl","tag-medieval-gl","tag-mercado-2-gl","tag-pontevedra-provincia-gl","description-off"],"_links":{"self":[{"href":"https:\/\/recreacionhistoria.com\/gl\/wp-json\/wp\/v2\/mec-events\/15338","targetHints":{"allow":["GET"]}}],"collection":[{"href":"https:\/\/recreacionhistoria.com\/gl\/wp-json\/wp\/v2\/mec-events"}],"about":[{"href":"https:\/\/recreacionhistoria.com\/gl\/wp-json\/wp\/v2\/types\/mec-events"}],"author":[{"embeddable":true,"href":"https:\/\/recreacionhistoria.com\/gl\/wp-json\/wp\/v2\/users\/2"}],"replies":[{"embeddable":true,"href":"https:\/\/recreacionhistoria.com\/gl\/wp-json\/wp\/v2\/comments?post=15338"}],"wp:featuredmedia":[{"embeddable":true,"href":"https:\/\/recreacionhistoria.com\/gl\/wp-json\/wp\/v2\/media\/15269"}],"wp:attachment":[{"href":"https:\/\/recreacionhistoria.com\/gl\/wp-json\/wp\/v2\/media?parent=15338"}],"wp:term":[{"taxonomy":"post_tag","embeddable":true,"href":"https:\/\/recreacionhistoria.com\/gl\/wp-json\/wp\/v2\/tags?post=15338"},{"taxonomy":"mec_category","embeddable":true,"href":"https:\/\/recreacionhistoria.com\/gl\/wp-json\/wp\/v2\/mec_category?post=15338"}],"curies":[{"name":"wp","href":"https:\/\/api.w.org\/{rel}","templated":true}]}}

<p>O Mercado Medieval de Cambados, na edicion 2024 terá lugar los ías 24 a 26 de maio.</p>
<p>Unha nova oportunidade para viaxar aos séculos XVI e XVII, momentos de auxe do importante mercado que se facía en Fefiñáns.</p>
<p>De novo os mercaderes e artesáns acollerán aos veciños e visitantes de esta fermosa vila para revivir, de algunha maneira, a vida medieval, disfrutar da gastronomía, productos artesanais e moitas actividades: circo, xogos, obradoiros, música&#8230;</p>
<p><img decoding="async" class="alignnone size-medium wp-image-15335" src="https://recreacionhistoria.com/wp-content/uploads/2024/04/MERCADO_MEDIEVAL_CAMBADOS_2024_post_web-300x150.jpg" alt="" width="300" height="150" title="" srcset="https://recreacionhistoria.com/wp-content/uploads/2024/04/MERCADO_MEDIEVAL_CAMBADOS_2024_post_web-300x150.jpg 300w, https://recreacionhistoria.com/wp-content/uploads/2024/04/MERCADO_MEDIEVAL_CAMBADOS_2024_post_web.jpg 552w" sizes="(max-width: 300px) 100vw, 300px" /></p>

<p>O Mercado Medieval de Cambados, Pontevedra, na edición 2024, terá lugar entre os días 24 e 26 de maio.</p>
