{"id":14408,"date":"2023-10-13T15:54:37","date_gmt":"2023-10-13T14:54:37","guid":{"rendered":"https:\/\/recreacionhistoria.com\/events\/feira-historica-arteixo-edicion-2023\/"},"modified":"2023-10-13T15:58:51","modified_gmt":"2023-10-13T14:58:51","slug":"feira-historica-arteixo-edicion-2023","status":"publish","type":"mec-events","link":"https:\/\/recreacionhistoria.com\/gl\/events\/feira-historica-arteixo-edicion-2023\/","title":{"rendered":"Feira hist\u00f3rica Arteixo, edici\u00f3n 2023"},"content":{"rendered":"<p>Unha nova edici\u00f3n de <strong><em>Feira hist\u00f3rica Arteixo 1900<\/em><\/strong>, que nesta edici\u00f3n, 2023, ter\u00e1 lugar entre os d\u00edas 20 e 22 de outubro.<\/p>\n<p>Nesta ocasi\u00f3n, a Feira estar\u00e1 adicada a Manuel Murgu\u00eda, historiador e escritor, natural de Arteixo, considerado como o impulsor do Rexurdimento galego, xunto a Rosal\u00eda de Castro, de qui\u00e9n, por cierto, foir o seu marido, e Curros Enr\u00edquez o Eduardo Pondal. Fai cen anos da morte do escritor.<\/p>\n<p>Como \u00e9 habitual\u00a0 na programaci\u00f3n da Feira, que este ano chega a s\u00faa edici\u00f3n n\u00famero XXII, atopamos unha gran oferta de acontecimientos, espect\u00e1culos musicais, teatrais, exposici\u00f3ns, mostras de artesan\u00eda, postos de alimentaci\u00f3n e gastronom\u00eda, espect\u00e1culos de danza e baile, etc.<!--more--><\/p>\n","protected":false},"excerpt":{"rendered":"<p>Unha nova edici\u00f3n de Feira hist\u00f3rica Arteixo 1900, que nesta edici\u00f3n, 2023, ter\u00e1 lugar entre os d\u00edas 20 e 22 de outubro. Nesta ocasi\u00f3n, a Feira estar\u00e1 adicada a Manuel Murgu\u00eda, historiador e escritor, natural de Arteixo, considerado como o impulsor do Rexurdimento galego, xunto a Rosal\u00eda de Castro, de qui\u00e9n, por cierto, foir o&hellip;<\/p>\n","protected":false},"author":2,"featured_media":14406,"comment_status":"open","ping_status":"closed","template":"","tags":[638,2753,806,226,227,771,211],"mec_category":[3055],"class_list":["post-14408","mec-events","type-mec-events","status-publish","has-post-thumbnail","hentry","tag-1900-gl","tag-2023-gl","tag-arteixo-gl","tag-feiras","tag-festa","tag-historica-gl","tag-mercado-2-gl","mec_category-feiras-e-mercados","description-off"],"_links":{"self":[{"href":"https:\/\/recreacionhistoria.com\/gl\/wp-json\/wp\/v2\/mec-events\/14408","targetHints":{"allow":["GET"]}}],"collection":[{"href":"https:\/\/recreacionhistoria.com\/gl\/wp-json\/wp\/v2\/mec-events"}],"about":[{"href":"https:\/\/recreacionhistoria.com\/gl\/wp-json\/wp\/v2\/types\/mec-events"}],"author":[{"embeddable":true,"href":"https:\/\/recreacionhistoria.com\/gl\/wp-json\/wp\/v2\/users\/2"}],"replies":[{"embeddable":true,"href":"https:\/\/recreacionhistoria.com\/gl\/wp-json\/wp\/v2\/comments?post=14408"}],"wp:featuredmedia":[{"embeddable":true,"href":"https:\/\/recreacionhistoria.com\/gl\/wp-json\/wp\/v2\/media\/14406"}],"wp:attachment":[{"href":"https:\/\/recreacionhistoria.com\/gl\/wp-json\/wp\/v2\/media?parent=14408"}],"wp:term":[{"taxonomy":"post_tag","embeddable":true,"href":"https:\/\/recreacionhistoria.com\/gl\/wp-json\/wp\/v2\/tags?post=14408"},{"taxonomy":"mec_category","embeddable":true,"href":"https:\/\/recreacionhistoria.com\/gl\/wp-json\/wp\/v2\/mec_category?post=14408"}],"curies":[{"name":"wp","href":"https:\/\/api.w.org\/{rel}","templated":true}]}}

Feira histórica Arteixo, edición 2023

<p>Unha nova edición de <strong><em>Feira histórica Arteixo 1900</em></strong>, que nesta edición, 2023, terá lugar entre os días 20 e 22 de outubro.</p>
<p>Nesta ocasión, a Feira estará adicada a Manuel Murguía, historiador e escritor, natural de Arteixo, considerado como o impulsor do Rexurdimento galego, xunto a Rosalía de Castro, de quién, por cierto, foir o seu marido, e Curros Enríquez o Eduardo Pondal. Fai cen anos da morte do escritor.</p>
<p>Como é habitual  na programación da Feira, que este ano chega a súa edición número XXII, atopamos unha gran oferta de acontecimientos, espectáculos musicais, teatrais, exposicións, mostras de artesanía, postos de alimentación e gastronomía, espectáculos de danza e baile, etc.<!--more--></p>

<p>Unha nova edición de Feira histórica Arteixo 1900, que nesta edición, 2023, terá lugar entre os días 20 e 22 de outubro. Nesta ocasión, a Feira estará adicada a Manuel Murguía, historiador e escritor, natural de Arteixo, considerado como o impulsor do Rexurdimento galego, xunto a Rosalía de Castro, de quién, por cierto, foir o&hellip;</p>
