{"id":14259,"date":"2023-07-27T15:58:39","date_gmt":"2023-07-27T14:58:39","guid":{"rendered":"https:\/\/recreacionhistoria.com\/events\/feria-medieval-en-salas-2023\/"},"modified":"2023-07-27T16:00:38","modified_gmt":"2023-07-27T15:00:38","slug":"feira-medieval-en-salas-2023","status":"publish","type":"mec-events","link":"https:\/\/recreacionhistoria.com\/gl\/events\/feira-medieval-en-salas-2023\/","title":{"rendered":"Feira Medieval en Salas, 2023"},"content":{"rendered":"<p>A edici\u00f3n 2023, que ser\u00e1 a IX, da <em><strong>Feir<\/strong><\/em><strong><em>a Medieval<\/em> <\/strong>que ten lugar na localidade asturiana de <strong>Salas<\/strong>, ter\u00e1 lugar os d\u00edas 7 e 8 de outubro.<\/p>\n<p><img fetchpriority=\"high\" decoding=\"async\" class=\"size-medium wp-image-14254 aligncenter\" src=\"https:\/\/recreacionhistoria.com\/wp-content\/uploads\/2023\/07\/Cartel-Feria-Medieval-Salas-212x300.webp\" alt=\"\" width=\"212\" height=\"300\" title=\"\" srcset=\"https:\/\/recreacionhistoria.com\/wp-content\/uploads\/2023\/07\/Cartel-Feria-Medieval-Salas-212x300.webp 212w, https:\/\/recreacionhistoria.com\/wp-content\/uploads\/2023\/07\/Cartel-Feria-Medieval-Salas.webp 724w\" sizes=\"(max-width: 212px) 100vw, 212px\" \/><\/p>\n","protected":false},"excerpt":{"rendered":"<p>A edici\u00f3n 2023, que ser\u00e1 a IX, da Feira Medieval que ten lugar na localidade asturiana de Salas, ter\u00e1 lugar os d\u00edas 7 e 8 de outubro.<\/p>\n","protected":false},"author":2,"featured_media":14257,"comment_status":"open","ping_status":"closed","template":"","tags":[2753,306,226,227,210,211,723],"mec_category":[395],"class_list":["post-14259","mec-events","type-mec-events","status-publish","has-post-thumbnail","hentry","tag-2023-gl","tag-asturias-gl","tag-feiras","tag-festa","tag-medieval-gl","tag-mercado-2-gl","tag-salas-gl","mec_category-feiras-e-mercados-medievais","description-off"],"_links":{"self":[{"href":"https:\/\/recreacionhistoria.com\/gl\/wp-json\/wp\/v2\/mec-events\/14259","targetHints":{"allow":["GET"]}}],"collection":[{"href":"https:\/\/recreacionhistoria.com\/gl\/wp-json\/wp\/v2\/mec-events"}],"about":[{"href":"https:\/\/recreacionhistoria.com\/gl\/wp-json\/wp\/v2\/types\/mec-events"}],"author":[{"embeddable":true,"href":"https:\/\/recreacionhistoria.com\/gl\/wp-json\/wp\/v2\/users\/2"}],"replies":[{"embeddable":true,"href":"https:\/\/recreacionhistoria.com\/gl\/wp-json\/wp\/v2\/comments?post=14259"}],"wp:featuredmedia":[{"embeddable":true,"href":"https:\/\/recreacionhistoria.com\/gl\/wp-json\/wp\/v2\/media\/14257"}],"wp:attachment":[{"href":"https:\/\/recreacionhistoria.com\/gl\/wp-json\/wp\/v2\/media?parent=14259"}],"wp:term":[{"taxonomy":"post_tag","embeddable":true,"href":"https:\/\/recreacionhistoria.com\/gl\/wp-json\/wp\/v2\/tags?post=14259"},{"taxonomy":"mec_category","embeddable":true,"href":"https:\/\/recreacionhistoria.com\/gl\/wp-json\/wp\/v2\/mec_category?post=14259"}],"curies":[{"name":"wp","href":"https:\/\/api.w.org\/{rel}","templated":true}]}}

<p>A edición 2023, que será a IX, da <em><strong>Feir</strong></em><strong><em>a Medieval</em> </strong>que ten lugar na localidade asturiana de <strong>Salas</strong>, terá lugar os días 7 e 8 de outubro.</p>
<p><img fetchpriority="high" decoding="async" class="size-medium wp-image-14254 aligncenter" src="https://recreacionhistoria.com/wp-content/uploads/2023/07/Cartel-Feria-Medieval-Salas-212x300.webp" alt="" width="212" height="300" title="" srcset="https://recreacionhistoria.com/wp-content/uploads/2023/07/Cartel-Feria-Medieval-Salas-212x300.webp 212w, https://recreacionhistoria.com/wp-content/uploads/2023/07/Cartel-Feria-Medieval-Salas.webp 724w" sizes="(max-width: 212px) 100vw, 212px" /></p>

<p>A edición 2023, que será a IX, da Feira Medieval que ten lugar na localidade asturiana de Salas, terá lugar os días 7 e 8 de outubro.</p>
