{"id":14229,"date":"2023-07-27T15:33:24","date_gmt":"2023-07-27T14:33:24","guid":{"rendered":"https:\/\/recreacionhistoria.com\/events\/festa-dos-povos-aqua-flamae\/"},"modified":"2023-07-27T15:36:58","modified_gmt":"2023-07-27T14:36:58","slug":"festa-dos-povos-aqua-flamae","status":"publish","type":"mec-events","link":"https:\/\/recreacionhistoria.com\/gl\/events\/festa-dos-povos-aqua-flamae\/","title":{"rendered":"Festa dos Povos Aqua e Flamae, Chaves 2023"},"content":{"rendered":"<p>A fermosa vila portuguesa de Chaves vai celebrar, entre os d\u00edas 18 e 20 de agosto de 2023, unha nova edici\u00f3n da <strong><em>Festa dos Povos Aqua e Flamae.<\/em><\/strong><\/p>\n<p>Durante os tres d\u00edas, lexionarios, gladiadores, senadores, m\u00fasicos, bailar\u00edns, mendigos, escravos e divinidades estar\u00e1n representados, nun constante bullicio de episodios que retratar\u00e1n a vida cotidi\u00e1e Aquae Flaviae y donde ter\u00e1n lugar as mais variadas actividades socioculturais.<\/p>\n<p><img fetchpriority=\"high\" decoding=\"async\" class=\"size-medium wp-image-14224 aligncenter\" src=\"https:\/\/recreacionhistoria.com\/wp-content\/uploads\/2023\/07\/Cartel-Festa-dos-Povos-Aqua-e-Flamae-300x168.png\" alt=\"\" width=\"300\" height=\"168\" title=\"\" srcset=\"https:\/\/recreacionhistoria.com\/wp-content\/uploads\/2023\/07\/Cartel-Festa-dos-Povos-Aqua-e-Flamae-300x168.png 300w, https:\/\/recreacionhistoria.com\/wp-content\/uploads\/2023\/07\/Cartel-Festa-dos-Povos-Aqua-e-Flamae.png 660w\" sizes=\"(max-width: 300px) 100vw, 300px\" \/><\/p>\n","protected":false},"excerpt":{"rendered":"<p>A fermosa vila portuguesa de Chaves vai celebrar, entre os d\u00edas 18 e 20 de agosto de 2023, unha nova edici\u00f3n da Festa dos Povos Aqua e Flamae. Durante os tres d\u00edas, lexionarios, gladiadores, senadores, m\u00fasicos, bailar\u00edns, mendigos, escravos e divinidades estar\u00e1n representados, nun constante bullicio de episodios que retratar\u00e1n a vida cotidi\u00e1e Aquae Flaviae&hellip;<\/p>\n","protected":false},"author":2,"featured_media":14227,"comment_status":"open","ping_status":"closed","template":"","tags":[2753,662,3140,226,227,770,211,252,3139,421],"mec_category":[390],"class_list":["post-14229","mec-events","type-mec-events","status-publish","has-post-thumbnail","hentry","tag-2023-gl","tag-aqua-e-flamae-gl","tag-chaves-2","tag-feiras","tag-festa","tag-historica","tag-mercado-2-gl","tag-portugal-gl","tag-povos-2","tag-romano-gl","mec_category-feiras-e-mercados-romanos","description-off"],"_links":{"self":[{"href":"https:\/\/recreacionhistoria.com\/gl\/wp-json\/wp\/v2\/mec-events\/14229","targetHints":{"allow":["GET"]}}],"collection":[{"href":"https:\/\/recreacionhistoria.com\/gl\/wp-json\/wp\/v2\/mec-events"}],"about":[{"href":"https:\/\/recreacionhistoria.com\/gl\/wp-json\/wp\/v2\/types\/mec-events"}],"author":[{"embeddable":true,"href":"https:\/\/recreacionhistoria.com\/gl\/wp-json\/wp\/v2\/users\/2"}],"replies":[{"embeddable":true,"href":"https:\/\/recreacionhistoria.com\/gl\/wp-json\/wp\/v2\/comments?post=14229"}],"wp:featuredmedia":[{"embeddable":true,"href":"https:\/\/recreacionhistoria.com\/gl\/wp-json\/wp\/v2\/media\/14227"}],"wp:attachment":[{"href":"https:\/\/recreacionhistoria.com\/gl\/wp-json\/wp\/v2\/media?parent=14229"}],"wp:term":[{"taxonomy":"post_tag","embeddable":true,"href":"https:\/\/recreacionhistoria.com\/gl\/wp-json\/wp\/v2\/tags?post=14229"},{"taxonomy":"mec_category","embeddable":true,"href":"https:\/\/recreacionhistoria.com\/gl\/wp-json\/wp\/v2\/mec_category?post=14229"}],"curies":[{"name":"wp","href":"https:\/\/api.w.org\/{rel}","templated":true}]}}

<p>A fermosa vila portuguesa de Chaves vai celebrar, entre os días 18 e 20 de agosto de 2023, unha nova edición da <strong><em>Festa dos Povos Aqua e Flamae.</em></strong></p>
<p>Durante os tres días, lexionarios, gladiadores, senadores, músicos, bailaríns, mendigos, escravos e divinidades estarán representados, nun constante bullicio de episodios que retratarán a vida cotidiáe Aquae Flaviae y donde terán lugar as mais variadas actividades socioculturais.</p>
<p><img fetchpriority="high" decoding="async" class="size-medium wp-image-14224 aligncenter" src="https://recreacionhistoria.com/wp-content/uploads/2023/07/Cartel-Festa-dos-Povos-Aqua-e-Flamae-300x168.png" alt="" width="300" height="168" title="" srcset="https://recreacionhistoria.com/wp-content/uploads/2023/07/Cartel-Festa-dos-Povos-Aqua-e-Flamae-300x168.png 300w, https://recreacionhistoria.com/wp-content/uploads/2023/07/Cartel-Festa-dos-Povos-Aqua-e-Flamae.png 660w" sizes="(max-width: 300px) 100vw, 300px" /></p>

<p>A fermosa vila portuguesa de Chaves vai celebrar, entre os días 18 e 20 de agosto de 2023, unha nova edición da Festa dos Povos Aqua e Flamae. Durante os tres días, lexionarios, gladiadores, senadores, músicos, bailaríns, mendigos, escravos e divinidades estarán representados, nun constante bullicio de episodios que retratarán a vida cotidiáe Aquae Flaviae&hellip;</p>
