{"id":14051,"date":"2023-07-18T19:16:13","date_gmt":"2023-07-18T18:16:13","guid":{"rendered":"https:\/\/recreacionhistoria.com\/events\/mercado-romano-de-villablino-2023\/"},"modified":"2023-07-18T19:17:53","modified_gmt":"2023-07-18T18:17:53","slug":"mercado-romano-de-villablino-2023","status":"publish","type":"mec-events","link":"https:\/\/recreacionhistoria.com\/gl\/events\/mercado-romano-de-villablino-2023\/","title":{"rendered":"Mercado romano de Villablino, 2023"},"content":{"rendered":"<p>Un ano m\u00e1is se celebra<em><strong> O Mercado Medieval de Villablino<\/strong><\/em> (Le\u00f3n) do 14 ao 16 de agosto de 2023, unha oportunidade para mergullarse a Idade Media.<\/p>\n<p>Durante o evento, inst\u00e1lanse postos con produtos t\u00edpicos da \u00e9poca, como alimentos, bebidas, obxectos de artesan\u00eda e roupa. Tam\u00e9n se organizan actividades e espect\u00e1culos, como m\u00fasica, danzas e xogos tradicionais.<\/p>\n<p>O Mercado Medieval de Villablino \u00e9 unha oportunidade \u00fanica para mergullarse na historia e gozar dunha fin de semana chea de actividades e diversi\u00f3n.<\/p>\n<p>Villablino \u00e9 un municipio espa\u00f1ol situado na provincia de Le\u00f3n, na comunidade aut\u00f3noma de Castela e Le\u00f3n. At\u00f3pase na comarca da Maragater\u00eda, na zona dos Ancares.<\/p>\n","protected":false},"excerpt":{"rendered":"<p>Un ano m\u00e1is se celebra O Mercado Medieval de Villablino (Le\u00f3n) do 14 ao 16 de agosto de 2023, unha oportunidade para mergullarse a Idade Media. Durante o evento, inst\u00e1lanse postos con produtos t\u00edpicos da \u00e9poca, como alimentos, bebidas, obxectos de artesan\u00eda e roupa. Tam\u00e9n se organizan actividades e espect\u00e1culos, como m\u00fasica, danzas e xogos&hellip;<\/p>\n","protected":false},"author":2,"featured_media":14049,"comment_status":"open","ping_status":"closed","template":"","tags":[2753,239,226,227,287,210,211,674],"mec_category":[395],"class_list":["post-14051","mec-events","type-mec-events","status-publish","has-post-thumbnail","hentry","tag-2023-gl","tag-castela-e-leon","tag-feiras","tag-festa","tag-leon-gl","tag-medieval-gl","tag-mercado-2-gl","tag-villablino-gl","mec_category-feiras-e-mercados-medievais","description-off"],"_links":{"self":[{"href":"https:\/\/recreacionhistoria.com\/gl\/wp-json\/wp\/v2\/mec-events\/14051","targetHints":{"allow":["GET"]}}],"collection":[{"href":"https:\/\/recreacionhistoria.com\/gl\/wp-json\/wp\/v2\/mec-events"}],"about":[{"href":"https:\/\/recreacionhistoria.com\/gl\/wp-json\/wp\/v2\/types\/mec-events"}],"author":[{"embeddable":true,"href":"https:\/\/recreacionhistoria.com\/gl\/wp-json\/wp\/v2\/users\/2"}],"replies":[{"embeddable":true,"href":"https:\/\/recreacionhistoria.com\/gl\/wp-json\/wp\/v2\/comments?post=14051"}],"wp:featuredmedia":[{"embeddable":true,"href":"https:\/\/recreacionhistoria.com\/gl\/wp-json\/wp\/v2\/media\/14049"}],"wp:attachment":[{"href":"https:\/\/recreacionhistoria.com\/gl\/wp-json\/wp\/v2\/media?parent=14051"}],"wp:term":[{"taxonomy":"post_tag","embeddable":true,"href":"https:\/\/recreacionhistoria.com\/gl\/wp-json\/wp\/v2\/tags?post=14051"},{"taxonomy":"mec_category","embeddable":true,"href":"https:\/\/recreacionhistoria.com\/gl\/wp-json\/wp\/v2\/mec_category?post=14051"}],"curies":[{"name":"wp","href":"https:\/\/api.w.org\/{rel}","templated":true}]}}

<p>Un ano máis se celebra<em><strong> O Mercado Medieval de Villablino</strong></em> (León) do 14 ao 16 de agosto de 2023, unha oportunidade para mergullarse a Idade Media.</p>
<p>Durante o evento, instálanse postos con produtos típicos da época, como alimentos, bebidas, obxectos de artesanía e roupa. Tamén se organizan actividades e espectáculos, como música, danzas e xogos tradicionais.</p>
<p>O Mercado Medieval de Villablino é unha oportunidade única para mergullarse na historia e gozar dunha fin de semana chea de actividades e diversión.</p>
<p>Villablino é un municipio español situado na provincia de León, na comunidade autónoma de Castela e León. Atópase na comarca da Maragatería, na zona dos Ancares.</p>

<p>Un ano máis se celebra O Mercado Medieval de Villablino (León) do 14 ao 16 de agosto de 2023, unha oportunidade para mergullarse a Idade Media. Durante o evento, instálanse postos con produtos típicos da época, como alimentos, bebidas, obxectos de artesanía e roupa. Tamén se organizan actividades e espectáculos, como música, danzas e xogos&hellip;</p>
