{"id":13982,"date":"2023-07-13T08:16:52","date_gmt":"2023-07-13T07:16:52","guid":{"rendered":"https:\/\/recreacionhistoria.com\/events\/feira-das-marabillas-a-coruna-2023\/"},"modified":"2023-07-19T11:39:58","modified_gmt":"2023-07-19T10:39:58","slug":"feira-das-marabillas-a-coruna-2023","status":"publish","type":"mec-events","link":"https:\/\/recreacionhistoria.com\/gl\/events\/feira-das-marabillas-a-coruna-2023\/","title":{"rendered":"Feira das Marabillas, A Coru\u00f1a 2023"},"content":{"rendered":"<p>Unha nova edici\u00f3n, e ser\u00e1 a <em><strong>XXVI da Feira d\u00e1s Marabillas<\/strong><\/em>, o mercado medieval que tdos os anos ten lugar na fermosa cidade herculina. Nesta ocasi\u00f3n celebrarase entre os d\u00edas 21 e 25 de xullo de 2023.<\/p>\n<p>E un ano m\u00e1is a cidade da Coru\u00f1a far\u00e1 unha viaxe ata o pasado medieval para engalanar e recrear as s\u00faas r\u00faas nas zonas da Praza de Mar\u00eda Pita, o Xard\u00edn de San Carlos, a Igrexa de Santo Domigo, a Praza de Azc\u00e1rraga e todas as r\u00faas e recunchos da Cidade Vella para acoller este fermoso evento.<\/p>\n<p><img fetchpriority=\"high\" decoding=\"async\" class=\"size-medium wp-image-14063 aligncenter\" src=\"https:\/\/recreacionhistoria.com\/wp-content\/uploads\/2023\/07\/Cartel-Feiras-das-Marabillas-300x214.jpg\" alt=\"\" width=\"300\" height=\"214\" title=\"\" srcset=\"https:\/\/recreacionhistoria.com\/wp-content\/uploads\/2023\/07\/Cartel-Feiras-das-Marabillas-300x214.jpg 300w, https:\/\/recreacionhistoria.com\/wp-content\/uploads\/2023\/07\/Cartel-Feiras-das-Marabillas.jpg 474w\" sizes=\"(max-width: 300px) 100vw, 300px\" \/><\/p>\n<p>&nbsp;<\/p>\n<p>&nbsp;<\/p>\n<p>Nesta nova celebraci\u00f3n non faltar\u00e1n os habituais pasacalles, representaci\u00f3ns teatrais, exhibici\u00f3ns de acrobatas, malabares, m\u00fasica, contacontos, exposici\u00f3ns, talleres infantles etc. Ademais dos habituais postos dedicados \u00e1 gasronom\u00eda e a artesania, nun n\u00famero pr\u00f3ximo aos douscentos postos.<\/p>\n<p><img decoding=\"async\" class=\"size-medium wp-image-13977 aligncenter\" src=\"https:\/\/recreacionhistoria.com\/wp-content\/uploads\/2023\/07\/Cartel-Feira-das-Marabillas-2023-220x300.jpg\" alt=\"\" width=\"220\" height=\"300\" title=\"\" srcset=\"https:\/\/recreacionhistoria.com\/wp-content\/uploads\/2023\/07\/Cartel-Feira-das-Marabillas-2023-220x300.jpg 220w, https:\/\/recreacionhistoria.com\/wp-content\/uploads\/2023\/07\/Cartel-Feira-das-Marabillas-2023.jpg 752w\" sizes=\"(max-width: 220px) 100vw, 220px\" \/><\/p>\n<p>&nbsp;<\/p>\n<p><strong>P R O G R A M A:<\/strong><\/p>\n<p>Xoves 21 de xullo:<\/p>\n<ul>\n<li style=\"list-style-type: none;\">\n<ul>\n<li>12:00 h (Praza de Azc\u00e1rraga): <strong>INAUGURACI\u00d3N<\/strong><\/li>\n<\/ul>\n<\/li>\n<\/ul>\n<ul>\n<li style=\"list-style-type: none;\">\n<ul>\n<li>13:00 h:\u00a0<strong>Animaci\u00f3n de rua con GRIMORIUM-TURDI\u00d3N<\/strong><\/li>\n<\/ul>\n<\/li>\n<\/ul>\n<ul>\n<li style=\"list-style-type: none;\">\n<ul>\n<li>13:45 h:\u00a0<strong>Animaci\u00f3n de rua con TREEFOLK<\/strong><\/li>\n<\/ul>\n<\/li>\n<\/ul>\n<ul>\n<li style=\"list-style-type: none;\">\n<ul>\n<li>17:30 h:\u00a0<strong>Animaci\u00f3n de rua con TREEFOLK<\/strong><\/li>\n<\/ul>\n<\/li>\n<\/ul>\n<ul>\n<li style=\"list-style-type: none;\">\n<ul>\n<li>18:30 h:\u00a0<strong>Animaci\u00f3n de rua con GRIMORIUM-TURDI\u00d3N<\/strong><\/li>\n<\/ul>\n<\/li>\n<\/ul>\n<ul>\n<li style=\"list-style-type: none;\">\n<ul>\n<li>20:00 h:\u00a0<strong>Animaci\u00f3n de rua con TREEFOLK<\/strong><\/li>\n<\/ul>\n<\/li>\n<\/ul>\n<ul>\n<li style=\"list-style-type: none;\">\n<ul>\n<li>21:00 h (Igrexa de Santiago): <strong>ENCONTRO DE M\u00daSICA MEDIEVAL<\/strong><\/li>\n<\/ul>\n<\/li>\n<\/ul>\n<ul>\n<li style=\"list-style-type: none;\">\n<ul>\n<li>21:15 h:\u00a0<strong>Animaci\u00f3n de rua con GRIMORIUM-TURDI\u00d3N<\/strong><\/li>\n<\/ul>\n<\/li>\n<\/ul>\n<ul>\n<li style=\"list-style-type: none;\"><\/li>\n<\/ul>\n<ul>\n<li style=\"list-style-type: none;\">\n<ul>\n<li>(Arquivo do Reino de Galicia): <strong>Exposici\u00f3n &#8220;ENV\u00cdAME UNHA POSTAL&#8221; de Garc\u00eda Garrabella<\/strong><\/li>\n<\/ul>\n<\/li>\n<\/ul>\n<ul>\n<li style=\"list-style-type: none;\"><\/li>\n<\/ul>\n<p>&nbsp;<\/p>\n<p>Venres 22 de xullo:<\/p>\n<ul>\n<li style=\"list-style-type: none;\">\n<ul>\n<li>(Praza de Mar\u00eda Pita): actuaci\u00f3ns como a de <strong>&#8216;Elfa Karya y el duende Fledry&#8217;, contacontos, un teatro de monicreques e un show de circo.<\/strong><\/li>\n<\/ul>\n<\/li>\n<\/ul>\n<p>&nbsp;<\/p>\n<p>S\u00e1bado 23 e Domingo 24 de xullo:<\/p>\n<p>Diferentes actividades en toda a Cidade Vella.<\/p>\n<p>&nbsp;<\/p>\n<p>Luns 25 de xullo:<\/p>\n<ul>\n<li>21:00 h (Colegiata de Sta. Mar\u00eda):\u00a0<strong>Teatro, &#8220;A CASA DE BERNARDA ALBA&#8221; da C\u00eda. Noite Bohemia<\/strong><\/li>\n<\/ul>\n<div id=\"placeholderpubli1movil\"><\/div>\n<div><em><strong>Neste enlace tedes a programaci\u00f3n completa:<\/strong><\/em><\/div>\n<div><a href=\"https:\/\/drive.google.com\/file\/d\/1-pg4uax8uSx97ogsNjTCH9TPXBzRo-9S\/view\" target=\"_blank\" rel=\"noopener\">MARABILLAS2022_Programa \u00daLTIMO.pdf &#8211; Google Drive<\/a><\/div>\n<div><\/div>\n<p>&nbsp;<\/p>\n<p>&nbsp;<\/p>\n","protected":false},"excerpt":{"rendered":"<p>Unha nova edici\u00f3n da gran Feira das Marabillas, o mercado medieval que ten lugar na cidade de A Coru\u00f1a.<\/p>\n","protected":false},"author":2,"featured_media":13980,"comment_status":"open","ping_status":"closed","template":"","tags":[2753,302,226,227,146,653,210,862,211],"mec_category":[395],"class_list":["post-13982","mec-events","type-mec-events","status-publish","has-post-thumbnail","hentry","tag-2023-gl","tag-a-coruna-gl","tag-feiras","tag-festa","tag-fiesta","tag-marabillas-gl","tag-medieval-gl","tag-medievo-gl","tag-mercado-2-gl","mec_category-feiras-e-mercados-medievais","description-off"],"_links":{"self":[{"href":"https:\/\/recreacionhistoria.com\/gl\/wp-json\/wp\/v2\/mec-events\/13982","targetHints":{"allow":["GET"]}}],"collection":[{"href":"https:\/\/recreacionhistoria.com\/gl\/wp-json\/wp\/v2\/mec-events"}],"about":[{"href":"https:\/\/recreacionhistoria.com\/gl\/wp-json\/wp\/v2\/types\/mec-events"}],"author":[{"embeddable":true,"href":"https:\/\/recreacionhistoria.com\/gl\/wp-json\/wp\/v2\/users\/2"}],"replies":[{"embeddable":true,"href":"https:\/\/recreacionhistoria.com\/gl\/wp-json\/wp\/v2\/comments?post=13982"}],"wp:featuredmedia":[{"embeddable":true,"href":"https:\/\/recreacionhistoria.com\/gl\/wp-json\/wp\/v2\/media\/13980"}],"wp:attachment":[{"href":"https:\/\/recreacionhistoria.com\/gl\/wp-json\/wp\/v2\/media?parent=13982"}],"wp:term":[{"taxonomy":"post_tag","embeddable":true,"href":"https:\/\/recreacionhistoria.com\/gl\/wp-json\/wp\/v2\/tags?post=13982"},{"taxonomy":"mec_category","embeddable":true,"href":"https:\/\/recreacionhistoria.com\/gl\/wp-json\/wp\/v2\/mec_category?post=13982"}],"curies":[{"name":"wp","href":"https:\/\/api.w.org\/{rel}","templated":true}]}}

Feira das Marabillas, A Coruña 2023

<p>Unha nova edición, e será a <em><strong>XXVI da Feira dás Marabillas</strong></em>, o mercado medieval que tdos os anos ten lugar na fermosa cidade herculina. Nesta ocasión celebrarase entre os días 21 e 25 de xullo de 2023.</p>
<p>E un ano máis a cidade da Coruña fará unha viaxe ata o pasado medieval para engalanar e recrear as súas rúas nas zonas da Praza de María Pita, o Xardín de San Carlos, a Igrexa de Santo Domigo, a Praza de Azcárraga e todas as rúas e recunchos da Cidade Vella para acoller este fermoso evento.</p>
<p><img fetchpriority="high" decoding="async" class="size-medium wp-image-14063 aligncenter" src="https://recreacionhistoria.com/wp-content/uploads/2023/07/Cartel-Feiras-das-Marabillas-300x214.jpg" alt="" width="300" height="214" title="" srcset="https://recreacionhistoria.com/wp-content/uploads/2023/07/Cartel-Feiras-das-Marabillas-300x214.jpg 300w, https://recreacionhistoria.com/wp-content/uploads/2023/07/Cartel-Feiras-das-Marabillas.jpg 474w" sizes="(max-width: 300px) 100vw, 300px" /></p>
<p>&nbsp;</p>
<p>&nbsp;</p>
<p>Nesta nova celebración non faltarán os habituais pasacalles, representacións teatrais, exhibicións de acrobatas, malabares, música, contacontos, exposicións, talleres infantles etc. Ademais dos habituais postos dedicados á gasronomía e a artesania, nun número próximo aos douscentos postos.</p>
<p><img decoding="async" class="size-medium wp-image-13977 aligncenter" src="https://recreacionhistoria.com/wp-content/uploads/2023/07/Cartel-Feira-das-Marabillas-2023-220x300.jpg" alt="" width="220" height="300" title="" srcset="https://recreacionhistoria.com/wp-content/uploads/2023/07/Cartel-Feira-das-Marabillas-2023-220x300.jpg 220w, https://recreacionhistoria.com/wp-content/uploads/2023/07/Cartel-Feira-das-Marabillas-2023.jpg 752w" sizes="(max-width: 220px) 100vw, 220px" /></p>
<p>&nbsp;</p>
<p><strong>P R O G R A M A:</strong></p>
<p>Xoves 21 de xullo:</p>
<ul>
<li style="list-style-type: none;">
<ul>
<li>12:00 h (Praza de Azcárraga): <strong>INAUGURACIÓN</strong></li>
</ul>
</li>
</ul>
<ul>
<li style="list-style-type: none;">
<ul>
<li>13:00 h: <strong>Animación de rua con GRIMORIUM-TURDIÓN</strong></li>
</ul>
</li>
</ul>
<ul>
<li style="list-style-type: none;">
<ul>
<li>13:45 h: <strong>Animación de rua con TREEFOLK</strong></li>
</ul>
</li>
</ul>
<ul>
<li style="list-style-type: none;">
<ul>
<li>17:30 h: <strong>Animación de rua con TREEFOLK</strong></li>
</ul>
</li>
</ul>
<ul>
<li style="list-style-type: none;">
<ul>
<li>18:30 h: <strong>Animación de rua con GRIMORIUM-TURDIÓN</strong></li>
</ul>
</li>
</ul>
<ul>
<li style="list-style-type: none;">
<ul>
<li>20:00 h: <strong>Animación de rua con TREEFOLK</strong></li>
</ul>
</li>
</ul>
<ul>
<li style="list-style-type: none;">
<ul>
<li>21:00 h (Igrexa de Santiago): <strong>ENCONTRO DE MÚSICA MEDIEVAL</strong></li>
</ul>
</li>
</ul>
<ul>
<li style="list-style-type: none;">
<ul>
<li>21:15 h: <strong>Animación de rua con GRIMORIUM-TURDIÓN</strong></li>
</ul>
</li>
</ul>
<ul>
<li style="list-style-type: none;"></li>
</ul>
<ul>
<li style="list-style-type: none;">
<ul>
<li>(Arquivo do Reino de Galicia): <strong>Exposición &#8220;ENVÍAME UNHA POSTAL&#8221; de García Garrabella</strong></li>
</ul>
</li>
</ul>
<ul>
<li style="list-style-type: none;"></li>
</ul>
<p>&nbsp;</p>
<p>Venres 22 de xullo:</p>
<ul>
<li style="list-style-type: none;">
<ul>
<li>(Praza de María Pita): actuacións como a de <strong>&#8216;Elfa Karya y el duende Fledry&#8217;, contacontos, un teatro de monicreques e un show de circo.</strong></li>
</ul>
</li>
</ul>
<p>&nbsp;</p>
<p>Sábado 23 e Domingo 24 de xullo:</p>
<p>Diferentes actividades en toda a Cidade Vella.</p>
<p>&nbsp;</p>
<p>Luns 25 de xullo:</p>
<ul>
<li>21:00 h (Colegiata de Sta. María): <strong>Teatro, &#8220;A CASA DE BERNARDA ALBA&#8221; da Cía. Noite Bohemia</strong></li>
</ul>
<div id="placeholderpubli1movil"></div>
<div><em><strong>Neste enlace tedes a programación completa:</strong></em></div>
<div><a href="https://drive.google.com/file/d/1-pg4uax8uSx97ogsNjTCH9TPXBzRo-9S/view" target="_blank" rel="noopener">MARABILLAS2022_Programa ÚLTIMO.pdf &#8211; Google Drive</a></div>
<div></div>
<p>&nbsp;</p>
<p>&nbsp;</p>

<p>Unha nova edición da gran Feira das Marabillas, o mercado medieval que ten lugar na cidade de A Coruña.</p>
