{"id":13872,"date":"2023-05-22T16:56:44","date_gmt":"2023-05-22T15:56:44","guid":{"rendered":"https:\/\/recreacionhistoria.com\/events\/mercado-medieval-en-aller-asturias-2023\/"},"modified":"2023-05-22T17:30:56","modified_gmt":"2023-05-22T16:30:56","slug":"mercado-medieval-en-aller-asturias-2023","status":"publish","type":"mec-events","link":"https:\/\/recreacionhistoria.com\/gl\/events\/mercado-medieval-en-aller-asturias-2023\/","title":{"rendered":"Mercado Medieval en Aller, Asturias, 2023"},"content":{"rendered":"<p>Os d\u00edas 3 e 4 de xu\u00f1o cel\u00e9brase unha nova edici\u00f3n do Mercado Medieval, que se celebra anualmente na parroquia de Pel\u00fagano (barrio do Concello de Aller), moi preto de Mieres e Lena.<\/p>\n<p>Esta festa bas\u00e9ase nunha lenda, que conta que nesta vila alleana veu ao mundo Do\u00f1a Urraca, ra\u00ed\u00f1a consorte de Navarra no s\u00e9culo XII.<\/p>\n<p>Durante esta fin de semana, as s\u00faas r\u00faas amosan unha caracterizaci\u00f3n t\u00edpica da \u00e9poca de Do\u00f1a Urraca, cun mercado no que non faltan artesan\u00eda e diferentes obradoiros. Ademais, diferentes actividades de animaci\u00f3n teatral, espect\u00e1culos circenses, personaxes, malabares, acrobacias, exposici\u00f3ns tem\u00e1ticas, zonas de xogos infant\u00eds, xogos, atracci\u00f3ns, conforman un atractivo programa.<\/p>\n","protected":false},"excerpt":{"rendered":"<p>Os d\u00edas 3 e 4 de xu\u00f1o cel\u00e9brase unha nova edici\u00f3n do Mercado Medieval, que se celebra anualmente na parroquia de Pel\u00fagano (barrio do Concello de Aller), moi preto de Mieres e Lena. Esta festa bas\u00e9ase nunha lenda, que conta que nesta vila alleana veu ao mundo Do\u00f1a Urraca, ra\u00ed\u00f1a consorte de Navarra no s\u00e9culo&hellip;<\/p>\n","protected":false},"author":2,"featured_media":13819,"comment_status":"open","ping_status":"closed","template":"","tags":[2990,306,2066,226,227,210,211,213],"mec_category":[395],"class_list":["post-13872","mec-events","type-mec-events","status-publish","has-post-thumbnail","hentry","tag-aller-gl","tag-asturias-gl","tag-evento-gl","tag-feiras","tag-festa","tag-medieval-gl","tag-mercado-2-gl","tag-noroeste-peninsular-gl","mec_category-feiras-e-mercados-medievais","description-off"],"_links":{"self":[{"href":"https:\/\/recreacionhistoria.com\/gl\/wp-json\/wp\/v2\/mec-events\/13872","targetHints":{"allow":["GET"]}}],"collection":[{"href":"https:\/\/recreacionhistoria.com\/gl\/wp-json\/wp\/v2\/mec-events"}],"about":[{"href":"https:\/\/recreacionhistoria.com\/gl\/wp-json\/wp\/v2\/types\/mec-events"}],"author":[{"embeddable":true,"href":"https:\/\/recreacionhistoria.com\/gl\/wp-json\/wp\/v2\/users\/2"}],"replies":[{"embeddable":true,"href":"https:\/\/recreacionhistoria.com\/gl\/wp-json\/wp\/v2\/comments?post=13872"}],"wp:featuredmedia":[{"embeddable":true,"href":"https:\/\/recreacionhistoria.com\/gl\/wp-json\/wp\/v2\/media\/13819"}],"wp:attachment":[{"href":"https:\/\/recreacionhistoria.com\/gl\/wp-json\/wp\/v2\/media?parent=13872"}],"wp:term":[{"taxonomy":"post_tag","embeddable":true,"href":"https:\/\/recreacionhistoria.com\/gl\/wp-json\/wp\/v2\/tags?post=13872"},{"taxonomy":"mec_category","embeddable":true,"href":"https:\/\/recreacionhistoria.com\/gl\/wp-json\/wp\/v2\/mec_category?post=13872"}],"curies":[{"name":"wp","href":"https:\/\/api.w.org\/{rel}","templated":true}]}}

<p>Os días 3 e 4 de xuño celébrase unha nova edición do Mercado Medieval, que se celebra anualmente na parroquia de Pelúgano (barrio do Concello de Aller), moi preto de Mieres e Lena.</p>
<p>Esta festa baséase nunha lenda, que conta que nesta vila alleana veu ao mundo Doña Urraca, raíña consorte de Navarra no século XII.</p>
<p>Durante esta fin de semana, as súas rúas amosan unha caracterización típica da época de Doña Urraca, cun mercado no que non faltan artesanía e diferentes obradoiros. Ademais, diferentes actividades de animación teatral, espectáculos circenses, personaxes, malabares, acrobacias, exposicións temáticas, zonas de xogos infantís, xogos, atraccións, conforman un atractivo programa.</p>

<p>Os días 3 e 4 de xuño celébrase unha nova edición do Mercado Medieval, que se celebra anualmente na parroquia de Pelúgano (barrio do Concello de Aller), moi preto de Mieres e Lena. Esta festa baséase nunha lenda, que conta que nesta vila alleana veu ao mundo Doña Urraca, raíña consorte de Navarra no século&hellip;</p>
