{"id":13866,"date":"2023-05-22T17:03:50","date_gmt":"2023-05-22T16:03:50","guid":{"rendered":"https:\/\/recreacionhistoria.com\/events\/iii-mercado-indiano-de-somao-asturias-2023\/"},"modified":"2023-05-22T17:27:01","modified_gmt":"2023-05-22T16:27:01","slug":"iii-mercado-indiano-de-somao-asturias-2023","status":"publish","type":"mec-events","link":"https:\/\/recreacionhistoria.com\/gl\/events\/iii-mercado-indiano-de-somao-asturias-2023\/","title":{"rendered":"III Mercado Indiano de Somao, Asturias 2023"},"content":{"rendered":"<p>Un ano m\u00e1is, a Asociaci\u00f3n Cultural e de Festas &#8216;Sant&#8217; Olaina&#8217;, xunto coa Asociaci\u00f3n de Artes\u00e1ns &#8216;Alcuentros&#8217;, a Parroquia Rural de Somao e o Concello de Pravia, traballaron na posta en marcha dunha nova edici\u00f3n do tradicional Mercado Indiano de Somao , que celebrarase por terceiro ano consecutivo na localidade praviana durante a fin de semana do 1 e 2 de xullo.<\/p>\n<p>Lembremos que esta localidade, Somao, foi galardoada en 2020 como pobo exemplar.Unha vila que sorprende polas s\u00faas paisaxes, a s\u00faa cor e por ser a vila co conxunto arquitect\u00f3nico indio mellor conservado do Principado de Asturias.<\/p>\n<p>Veci\u00f1os e visitantes poder\u00e1n gozar, esta fin de semana, do II Mercado Indiano no parque da localidade. A cita contar\u00e1 cunha vintena de postos que ofrecer\u00e1n tallas en madeira, acibeche, xoias<\/p>\n","protected":false},"excerpt":{"rendered":"<p>Un ano m\u00e1is, a Asociaci\u00f3n Cultural e de Festas &#8216;Sant&#8217; Olaina&#8217;, xunto coa Asociaci\u00f3n de Artes\u00e1ns &#8216;Alcuentros&#8217;, a Parroquia Rural de Somao e o Concello de Pravia, traballaron na posta en marcha dunha nova edici\u00f3n do tradicional Mercado Indiano de Somao , que celebrarase por terceiro ano consecutivo na localidade praviana durante a fin de&hellip;<\/p>\n","protected":false},"author":2,"featured_media":13830,"comment_status":"open","ping_status":"closed","template":"","tags":[306,2066,226,227,2152,211,213,2200],"mec_category":[427],"class_list":["post-13866","mec-events","type-mec-events","status-publish","has-post-thumbnail","hentry","tag-asturias-gl","tag-evento-gl","tag-feiras","tag-festa","tag-indiano-gl","tag-mercado-2-gl","tag-noroeste-peninsular-gl","tag-somao-gl","mec_category-feiras-e-mercados-normados-viquingos","description-off"],"_links":{"self":[{"href":"https:\/\/recreacionhistoria.com\/gl\/wp-json\/wp\/v2\/mec-events\/13866","targetHints":{"allow":["GET"]}}],"collection":[{"href":"https:\/\/recreacionhistoria.com\/gl\/wp-json\/wp\/v2\/mec-events"}],"about":[{"href":"https:\/\/recreacionhistoria.com\/gl\/wp-json\/wp\/v2\/types\/mec-events"}],"author":[{"embeddable":true,"href":"https:\/\/recreacionhistoria.com\/gl\/wp-json\/wp\/v2\/users\/2"}],"replies":[{"embeddable":true,"href":"https:\/\/recreacionhistoria.com\/gl\/wp-json\/wp\/v2\/comments?post=13866"}],"wp:featuredmedia":[{"embeddable":true,"href":"https:\/\/recreacionhistoria.com\/gl\/wp-json\/wp\/v2\/media\/13830"}],"wp:attachment":[{"href":"https:\/\/recreacionhistoria.com\/gl\/wp-json\/wp\/v2\/media?parent=13866"}],"wp:term":[{"taxonomy":"post_tag","embeddable":true,"href":"https:\/\/recreacionhistoria.com\/gl\/wp-json\/wp\/v2\/tags?post=13866"},{"taxonomy":"mec_category","embeddable":true,"href":"https:\/\/recreacionhistoria.com\/gl\/wp-json\/wp\/v2\/mec_category?post=13866"}],"curies":[{"name":"wp","href":"https:\/\/api.w.org\/{rel}","templated":true}]}}

<p>Un ano máis, a Asociación Cultural e de Festas &#8216;Sant&#8217; Olaina&#8217;, xunto coa Asociación de Artesáns &#8216;Alcuentros&#8217;, a Parroquia Rural de Somao e o Concello de Pravia, traballaron na posta en marcha dunha nova edición do tradicional Mercado Indiano de Somao , que celebrarase por terceiro ano consecutivo na localidade praviana durante a fin de semana do 1 e 2 de xullo.</p>
<p>Lembremos que esta localidade, Somao, foi galardoada en 2020 como pobo exemplar.Unha vila que sorprende polas súas paisaxes, a súa cor e por ser a vila co conxunto arquitectónico indio mellor conservado do Principado de Asturias.</p>
<p>Veciños e visitantes poderán gozar, esta fin de semana, do II Mercado Indiano no parque da localidade. A cita contará cunha vintena de postos que ofrecerán tallas en madeira, acibeche, xoias</p>

<p>Un ano máis, a Asociación Cultural e de Festas &#8216;Sant&#8217; Olaina&#8217;, xunto coa Asociación de Artesáns &#8216;Alcuentros&#8217;, a Parroquia Rural de Somao e o Concello de Pravia, traballaron na posta en marcha dunha nova edición do tradicional Mercado Indiano de Somao , que celebrarase por terceiro ano consecutivo na localidade praviana durante a fin de&hellip;</p>
