{"id":13802,"date":"2023-05-10T12:25:38","date_gmt":"2023-05-10T11:25:38","guid":{"rendered":"https:\/\/recreacionhistoria.com\/events\/feria-medieval-de-caminha-2023\/"},"modified":"2023-05-10T12:35:43","modified_gmt":"2023-05-10T11:35:43","slug":"feira-medieval-de-caminha-2023","status":"publish","type":"mec-events","link":"https:\/\/recreacionhistoria.com\/gl\/events\/feira-medieval-de-caminha-2023\/","title":{"rendered":"Feira Medieval de Caminha, 2023"},"content":{"rendered":"<p>Na fermosa vila portuguesa de Caminha chega unha nova edici\u00f3n da s\u00faa prestixiosa <strong><em>Feira Medieval<\/em><\/strong>. Nesta ocasi\u00f3n, no ano 2023, e baixo o lema <em>\u201cO Rei D. Dinis\u201d,<\/em> desenvolverase entre os d\u00edas 26 e 30 de xullo.<\/p>\n<p>O seu atractivo monumental, a interesante gastronom\u00eda, o comercio, xunto coas actividades programadas arredor da Idade Media, como espect\u00e1culos h\u00edpicos, espect\u00e1culos de lume, campamentos civ\u00eds e militares, xogos, etc., conforman un atractivo programa que, sen d\u00fabida, ser\u00e1 satisfactorio para todos. .os que ve\u00f1en co\u00f1ecela.<\/p>\n<p>Lembrando un pouco a historia de Caminha, xa que \u00e9 o contexto que inspira este evento, lembremos que:<\/p>\n<p>O rei D. Dinis era fillo de D. Afonso III e D. Beatriz de Castilla. D. Dinis foi o sexto rei de Portugal. Naceu en Lisboa en 1261 e comezou un longo reinado en 1279, morrendo en 1325. Coa s\u00faa acci\u00f3n militar e diplom\u00e1tica estableceu a fronteira pol\u00edtica m\u00e1is antiga e estable de Europa e obtivo un notable prestixio internacional no contexto medieval europeo.<\/p>\n<p>Monarca atento \u00e1s cuesti\u00f3ns propias da complexidade e urxencia do asentamento do territorio nacional e da urxente pol\u00edtica de defensa do reino, continuou a acci\u00f3n do seu pai e preocupouse pola defensa das fronteiras. Pola s\u00faa situaci\u00f3n xeogr\u00e1fica, o territorio da intersecci\u00f3n dos r\u00edos Coura e Mi\u00f1o ocupaba unha posici\u00f3n estrat\u00e9xica para frear a penetraci\u00f3n inimiga por v\u00eda fluvial.<\/p>\n<p>De a\u00ed a carta outorgada por D. Dinis aos veci\u00f1os de Caminha, o 24 de xullo de 1284, que ti\u00f1a como obxectivo poboar a vila e a s\u00faa comarca e protexer a entrada do r\u00edo Mi\u00f1o, onde por orde de D. Afonso III a a. valado amurallado arredor da nova p\u00f3voa militarizada. D. Dinis merece, polo tanto, ser considerado como un personaxe hist\u00f3rico moi ligado a unha fase decisiva do desenvolvemento do concello de Caminha.<\/p>\n<p>Deste xeito, Caminha colaborou na creaci\u00f3n da s\u00faa feira no ano 1291. No ano 1371 cr\u00e9ase o Condado de Caminha e en 1390 conced\u00e9uselle o privilexio de ser Povo Franco, a partir deste momento a poboaci\u00f3n experimentou un gran desenvolvemento que promove o comercio e a s\u00faa funci\u00f3n portuaria.<\/p>\n<p>En todo caso, a cidade de Caminha ten unha longa historia \u00e1s s\u00faas costas, atop\u00e1ronse numerosos vestixios de civilizaci\u00f3ns pertencentes a diferentes \u00e9pocas, a\u00ednda que a m\u00e1is significativa \u00e9 a cultura castre\u00f1a, a\u00ednda presente no dese\u00f1o dalgunhas casas. Durante a ocupaci\u00f3n romana foi fortificada e constru\u00edronse numerosos cami\u00f1os e monumentos.Ademais, Caminha est\u00e1 situada na desembocadura do r\u00edo Mi\u00f1o, e a s\u00faa ampla gama de mar, r\u00edo e natureza exuberante convert\u00e9rono nun lugar de atracci\u00f3n durante a \u00e9poca estival.<\/p>\n","protected":false},"excerpt":{"rendered":"<p>Feira Medieval Caminha, 2023<\/p>\n","protected":false},"author":2,"featured_media":13790,"comment_status":"open","ping_status":"closed","template":"","tags":[297,226,227,210,862,211,252],"mec_category":[395],"class_list":["post-13802","mec-events","type-mec-events","status-publish","has-post-thumbnail","hentry","tag-caminha-gl","tag-feiras","tag-festa","tag-medieval-gl","tag-medievo-gl","tag-mercado-2-gl","tag-portugal-gl","mec_category-feiras-e-mercados-medievais","description-off"],"_links":{"self":[{"href":"https:\/\/recreacionhistoria.com\/gl\/wp-json\/wp\/v2\/mec-events\/13802","targetHints":{"allow":["GET"]}}],"collection":[{"href":"https:\/\/recreacionhistoria.com\/gl\/wp-json\/wp\/v2\/mec-events"}],"about":[{"href":"https:\/\/recreacionhistoria.com\/gl\/wp-json\/wp\/v2\/types\/mec-events"}],"author":[{"embeddable":true,"href":"https:\/\/recreacionhistoria.com\/gl\/wp-json\/wp\/v2\/users\/2"}],"replies":[{"embeddable":true,"href":"https:\/\/recreacionhistoria.com\/gl\/wp-json\/wp\/v2\/comments?post=13802"}],"wp:featuredmedia":[{"embeddable":true,"href":"https:\/\/recreacionhistoria.com\/gl\/wp-json\/wp\/v2\/media\/13790"}],"wp:attachment":[{"href":"https:\/\/recreacionhistoria.com\/gl\/wp-json\/wp\/v2\/media?parent=13802"}],"wp:term":[{"taxonomy":"post_tag","embeddable":true,"href":"https:\/\/recreacionhistoria.com\/gl\/wp-json\/wp\/v2\/tags?post=13802"},{"taxonomy":"mec_category","embeddable":true,"href":"https:\/\/recreacionhistoria.com\/gl\/wp-json\/wp\/v2\/mec_category?post=13802"}],"curies":[{"name":"wp","href":"https:\/\/api.w.org\/{rel}","templated":true}]}}

<p>Na fermosa vila portuguesa de Caminha chega unha nova edición da súa prestixiosa <strong><em>Feira Medieval</em></strong>. Nesta ocasión, no ano 2023, e baixo o lema <em>“O Rei D. Dinis”,</em> desenvolverase entre os días 26 e 30 de xullo.</p>
<p>O seu atractivo monumental, a interesante gastronomía, o comercio, xunto coas actividades programadas arredor da Idade Media, como espectáculos hípicos, espectáculos de lume, campamentos civís e militares, xogos, etc., conforman un atractivo programa que, sen dúbida, será satisfactorio para todos. .os que veñen coñecela.</p>
<p>Lembrando un pouco a historia de Caminha, xa que é o contexto que inspira este evento, lembremos que:</p>
<p>O rei D. Dinis era fillo de D. Afonso III e D. Beatriz de Castilla. D. Dinis foi o sexto rei de Portugal. Naceu en Lisboa en 1261 e comezou un longo reinado en 1279, morrendo en 1325. Coa súa acción militar e diplomática estableceu a fronteira política máis antiga e estable de Europa e obtivo un notable prestixio internacional no contexto medieval europeo.</p>
<p>Monarca atento ás cuestións propias da complexidade e urxencia do asentamento do territorio nacional e da urxente política de defensa do reino, continuou a acción do seu pai e preocupouse pola defensa das fronteiras. Pola súa situación xeográfica, o territorio da intersección dos ríos Coura e Miño ocupaba unha posición estratéxica para frear a penetración inimiga por vía fluvial.</p>
<p>De aí a carta outorgada por D. Dinis aos veciños de Caminha, o 24 de xullo de 1284, que tiña como obxectivo poboar a vila e a súa comarca e protexer a entrada do río Miño, onde por orde de D. Afonso III a a. valado amurallado arredor da nova póvoa militarizada. D. Dinis merece, polo tanto, ser considerado como un personaxe histórico moi ligado a unha fase decisiva do desenvolvemento do concello de Caminha.</p>
<p>Deste xeito, Caminha colaborou na creación da súa feira no ano 1291. No ano 1371 créase o Condado de Caminha e en 1390 concedéuselle o privilexio de ser Povo Franco, a partir deste momento a poboación experimentou un gran desenvolvemento que promove o comercio e a súa función portuaria.</p>
<p>En todo caso, a cidade de Caminha ten unha longa historia ás súas costas, atopáronse numerosos vestixios de civilizacións pertencentes a diferentes épocas, aínda que a máis significativa é a cultura castreña, aínda presente no deseño dalgunhas casas. Durante a ocupación romana foi fortificada e construíronse numerosos camiños e monumentos.Ademais, Caminha está situada na desembocadura do río Miño, e a súa ampla gama de mar, río e natureza exuberante convertérono nun lugar de atracción durante a época estival.</p>
