{"id":13781,"date":"2023-05-10T12:14:24","date_gmt":"2023-05-10T11:14:24","guid":{"rendered":"https:\/\/recreacionhistoria.com\/events\/friulio-friol-2023\/"},"modified":"2023-05-10T12:18:20","modified_gmt":"2023-05-10T11:18:20","slug":"friulio-friol-2023","status":"publish","type":"mec-events","link":"https:\/\/recreacionhistoria.com\/gl\/events\/friulio-friol-2023\/","title":{"rendered":"Friulio, Friol 2023"},"content":{"rendered":"<p>A edici\u00f3n 2023 do festival de recreaci\u00f3n hist\u00f3rica <strong><em>\u201cFriulio\u201d<\/em><\/strong> ter\u00e1 lugar os d\u00edas 13 e 14 de maio. Chegamos \u00e1 V edici\u00f3n.<\/p>\n<p>O ambiente e o entretemento est\u00e1n garantidos grazas \u00e1 colaboraci\u00f3n de m\u00e1is de 30 asociaci\u00f3ns, tanto do <em>\u201cmundo romano\u201d <\/em>como do<em> \u201cmundo castrexo\u201d,<\/em> a\u00ednda que predominan estas \u00faltimas.<\/p>\n<p>Numerosas actuaci\u00f3ns musicais, pasacalles e obradoiros amenizar\u00e1n as noites, coas principais actividades de recreaci\u00f3n hist\u00f3rica centradas no paseo do r\u00edo Narla.<\/p>\n<p>Friol \u00e9 un concello da provincia de Lugo, con moita historia, onde podemos atopar vestixios megal\u00edticos e castrais. A posterior presenza de habitantes do mundo romano e visigodo fixo que tam\u00e9n deixaran as s\u00faas pegadas nestas terras.<\/p>\n<p>Durante a Idade Media, varias familias, Ulloa, Parga e Seixas, compartiron o poder nesta zona. Boa mostra diso son as edificaci\u00f3ns, torres e castelos que poboan o territorio: a Torre de Friol, a Fortaleza de San Paio de Narla, a Torre de Miraz e o Pazo de Remesil e Trasmonte.<\/p>\n<p>O edificio m\u00e1is co\u00f1ecido de Friol \u00e9 a fortaleza de San Paio de Narla, de orixe desco\u00f1ecida e reconstru\u00edda no s\u00e9culo XVI, e sobre a que hai moitas lendas populares relacionadas con ela e os seus propietarios, os V\u00e1zquez de Seixas. A esta mesma estirpe tam\u00e9n pertenc\u00eda o Pazo do Monte, situado nesta mesma localidade.<\/p>\n","protected":false},"excerpt":{"rendered":"<p>Edici\u00f3n 2023 de Friulio, na localidade lucense de Friol.<\/p>\n","protected":false},"author":2,"featured_media":13779,"comment_status":"open","ping_status":"closed","template":"","tags":[380,226,2978,461,2133,126,277,2977,213,421],"mec_category":[412,390,410],"class_list":["post-13781","mec-events","type-mec-events","status-publish","has-post-thumbnail","hentry","tag-castrexo-gl","tag-feiras","tag-festas","tag-friol-gl","tag-friulio-gl","tag-galicia-gl","tag-lugo-provincia-gl","tag-mercados-gl","tag-noroeste-peninsular-gl","tag-romano-gl","mec_category-feiras-e-mercados-castrexos","mec_category-feiras-e-mercados-romanos","mec_category-ferias-y-mercados-castrexos","description-off"],"_links":{"self":[{"href":"https:\/\/recreacionhistoria.com\/gl\/wp-json\/wp\/v2\/mec-events\/13781","targetHints":{"allow":["GET"]}}],"collection":[{"href":"https:\/\/recreacionhistoria.com\/gl\/wp-json\/wp\/v2\/mec-events"}],"about":[{"href":"https:\/\/recreacionhistoria.com\/gl\/wp-json\/wp\/v2\/types\/mec-events"}],"author":[{"embeddable":true,"href":"https:\/\/recreacionhistoria.com\/gl\/wp-json\/wp\/v2\/users\/2"}],"replies":[{"embeddable":true,"href":"https:\/\/recreacionhistoria.com\/gl\/wp-json\/wp\/v2\/comments?post=13781"}],"wp:featuredmedia":[{"embeddable":true,"href":"https:\/\/recreacionhistoria.com\/gl\/wp-json\/wp\/v2\/media\/13779"}],"wp:attachment":[{"href":"https:\/\/recreacionhistoria.com\/gl\/wp-json\/wp\/v2\/media?parent=13781"}],"wp:term":[{"taxonomy":"post_tag","embeddable":true,"href":"https:\/\/recreacionhistoria.com\/gl\/wp-json\/wp\/v2\/tags?post=13781"},{"taxonomy":"mec_category","embeddable":true,"href":"https:\/\/recreacionhistoria.com\/gl\/wp-json\/wp\/v2\/mec_category?post=13781"}],"curies":[{"name":"wp","href":"https:\/\/api.w.org\/{rel}","templated":true}]}}

<p>A edición 2023 do festival de recreación histórica <strong><em>“Friulio”</em></strong> terá lugar os días 13 e 14 de maio. Chegamos á V edición.</p>
<p>O ambiente e o entretemento están garantidos grazas á colaboración de máis de 30 asociacións, tanto do <em>“mundo romano” </em>como do<em> “mundo castrexo”,</em> aínda que predominan estas últimas.</p>
<p>Numerosas actuacións musicais, pasacalles e obradoiros amenizarán as noites, coas principais actividades de recreación histórica centradas no paseo do río Narla.</p>
<p>Friol é un concello da provincia de Lugo, con moita historia, onde podemos atopar vestixios megalíticos e castrais. A posterior presenza de habitantes do mundo romano e visigodo fixo que tamén deixaran as súas pegadas nestas terras.</p>
<p>Durante a Idade Media, varias familias, Ulloa, Parga e Seixas, compartiron o poder nesta zona. Boa mostra diso son as edificacións, torres e castelos que poboan o territorio: a Torre de Friol, a Fortaleza de San Paio de Narla, a Torre de Miraz e o Pazo de Remesil e Trasmonte.</p>
<p>O edificio máis coñecido de Friol é a fortaleza de San Paio de Narla, de orixe descoñecida e reconstruída no século XVI, e sobre a que hai moitas lendas populares relacionadas con ela e os seus propietarios, os Vázquez de Seixas. A esta mesma estirpe tamén pertencía o Pazo do Monte, situado nesta mesma localidade.</p>

<p>Edición 2023 de Friulio, na localidade lucense de Friol.</p>
