{"id":13468,"date":"2023-04-10T11:08:44","date_gmt":"2023-04-10T10:08:44","guid":{"rendered":"https:\/\/recreacionhistoria.com\/events\/mercado-medieval-viana-do-castelo\/"},"modified":"2023-04-10T11:11:24","modified_gmt":"2023-04-10T10:11:24","slug":"mercado-medieval-viana-do-castelo","status":"publish","type":"mec-events","link":"https:\/\/recreacionhistoria.com\/gl\/events\/mercado-medieval-viana-do-castelo\/","title":{"rendered":"Mercado Medieval Viana do Castelo"},"content":{"rendered":"<p>Unha nova edici\u00f3n, a n\u00famero XIV, deste fermoso Mercado, que este ano se celebrar\u00e1 entre os d\u00edas 17 e 19 de xu\u00f1o.<\/p>\n<p>A cidade de Viana do Castelo remontar\u00e1 500 anos atr\u00e1s, ao per\u00edodo dos descubrimentos portugueses, o novo formato da Feira Medieval para achegar a\u00ednda m\u00e1is \u00e1 poboaci\u00f3n e aos visitantes a historia de <em>&#8220;Vianna da Foz do Lima&#8221;.<\/em><\/p>\n<p>Atopamos o Discovery Market. \u00c9 unha forma de aproveitar a tem\u00e1tica das feiras medievais, pero adaptada ao \u00e1mbito local, que permite co\u00f1ecer e vivir os h\u00e1bitos e costumes desta \u00e9poca, na que Viana do Castelo tivo unha participaci\u00f3n moi importante.<\/p>\n<p>O Mercado dos Descubrimentos ten como punto central o Forte de Santiago da Barra, constru\u00eddo durante o s\u00e9culo XVI para a defensa de Viana do Castelo, o 2o porto do pa\u00eds, e da s\u00faa contorna, nun novo escenario que seguir\u00e1 facendo un conexi\u00f3n co centro hist\u00f3rico.<\/p>\n<p>Viana do Castelo foi fundada no s\u00e9culo XIII polo rei Afonso III, ent\u00f3n co nome de Viana da Foz do Lima, mantendo sempre unha profunda conexi\u00f3n co r\u00edo e co mar. Na \u00e9poca dos descubrimentos portugueses, entre os s\u00e9culos XV e XVI, barcos e carabelas abandonaron os estaleiros que xa exist\u00edan en Viana do Castelo cara \u00e1s rutas das Indias e Am\u00e9rica, regresando con especias e outras cargas preciosas.<\/p>\n<p>Neste per\u00edodo, o vianense Jo\u00e3o \u00c1lvares Fagundes (1460-1522), navegante e armador, foi un pioneiro da navegaci\u00f3n en Terranova, no Atl\u00e1ntico Norte, abrindo o cami\u00f1o ao culto \u00e1s m\u00faltiples formas de comer bacallau en Portugal.<\/p>\n","protected":false},"excerpt":{"rendered":"<p>Feira Medieval Viana do Castelo 2023<\/p>\n","protected":false},"author":2,"featured_media":13466,"comment_status":"open","ping_status":"closed","template":"","tags":[226,227,210,211,2878,325],"mec_category":[395],"class_list":["post-13468","mec-events","type-mec-events","status-publish","has-post-thumbnail","hentry","tag-feiras","tag-festa","tag-medieval-gl","tag-mercado-2-gl","tag-pprtugal-gl","tag-viana-do-castelo-gl","mec_category-feiras-e-mercados-medievais","description-off"],"_links":{"self":[{"href":"https:\/\/recreacionhistoria.com\/gl\/wp-json\/wp\/v2\/mec-events\/13468","targetHints":{"allow":["GET"]}}],"collection":[{"href":"https:\/\/recreacionhistoria.com\/gl\/wp-json\/wp\/v2\/mec-events"}],"about":[{"href":"https:\/\/recreacionhistoria.com\/gl\/wp-json\/wp\/v2\/types\/mec-events"}],"author":[{"embeddable":true,"href":"https:\/\/recreacionhistoria.com\/gl\/wp-json\/wp\/v2\/users\/2"}],"replies":[{"embeddable":true,"href":"https:\/\/recreacionhistoria.com\/gl\/wp-json\/wp\/v2\/comments?post=13468"}],"wp:featuredmedia":[{"embeddable":true,"href":"https:\/\/recreacionhistoria.com\/gl\/wp-json\/wp\/v2\/media\/13466"}],"wp:attachment":[{"href":"https:\/\/recreacionhistoria.com\/gl\/wp-json\/wp\/v2\/media?parent=13468"}],"wp:term":[{"taxonomy":"post_tag","embeddable":true,"href":"https:\/\/recreacionhistoria.com\/gl\/wp-json\/wp\/v2\/tags?post=13468"},{"taxonomy":"mec_category","embeddable":true,"href":"https:\/\/recreacionhistoria.com\/gl\/wp-json\/wp\/v2\/mec_category?post=13468"}],"curies":[{"name":"wp","href":"https:\/\/api.w.org\/{rel}","templated":true}]}}

<p>Unha nova edición, a número XIV, deste fermoso Mercado, que este ano se celebrará entre os días 17 e 19 de xuño.</p>
<p>A cidade de Viana do Castelo remontará 500 anos atrás, ao período dos descubrimentos portugueses, o novo formato da Feira Medieval para achegar aínda máis á poboación e aos visitantes a historia de <em>&#8220;Vianna da Foz do Lima&#8221;.</em></p>
<p>Atopamos o Discovery Market. É unha forma de aproveitar a temática das feiras medievais, pero adaptada ao ámbito local, que permite coñecer e vivir os hábitos e costumes desta época, na que Viana do Castelo tivo unha participación moi importante.</p>
<p>O Mercado dos Descubrimentos ten como punto central o Forte de Santiago da Barra, construído durante o século XVI para a defensa de Viana do Castelo, o 2o porto do país, e da súa contorna, nun novo escenario que seguirá facendo un conexión co centro histórico.</p>
<p>Viana do Castelo foi fundada no século XIII polo rei Afonso III, entón co nome de Viana da Foz do Lima, mantendo sempre unha profunda conexión co río e co mar. Na época dos descubrimentos portugueses, entre os séculos XV e XVI, barcos e carabelas abandonaron os estaleiros que xa existían en Viana do Castelo cara ás rutas das Indias e América, regresando con especias e outras cargas preciosas.</p>
<p>Neste período, o vianense João Álvares Fagundes (1460-1522), navegante e armador, foi un pioneiro da navegación en Terranova, no Atlántico Norte, abrindo o camiño ao culto ás múltiples formas de comer bacallau en Portugal.</p>
