{"id":13176,"date":"2023-03-13T13:30:39","date_gmt":"2023-03-13T12:30:39","guid":{"rendered":"https:\/\/recreacionhistoria.com\/events\/xix-feria-medieval-de-monforte-de-lemos\/"},"modified":"2023-04-02T15:08:54","modified_gmt":"2023-04-02T14:08:54","slug":"xix-feira-medieval-de-monforte-de-lemos","status":"publish","type":"mec-events","link":"https:\/\/recreacionhistoria.com\/gl\/events\/xix-feira-medieval-de-monforte-de-lemos\/","title":{"rendered":"XIX Feira Medieval de Monforte de Lemos"},"content":{"rendered":"<p>Chega unha nova edici\u00f3n da fermosa Feira Medieval de Monforte de Lemos, localidade sita na provicia de Lugo, e que neste ano alcanza a n\u00famero XIX. Ter\u00e1 lugar os d\u00edas 8 e 9 de abril, en plena Semana Santa.<\/p>\n<p><img fetchpriority=\"high\" decoding=\"async\" class=\"size-medium wp-image-13173 aligncenter\" src=\"https:\/\/recreacionhistoria.com\/wp-content\/uploads\/2023\/03\/Cartel-Feria-Medieval-Monforte-2023-178x300.jpeg\" alt=\"\" width=\"178\" height=\"300\" title=\"\" srcset=\"https:\/\/recreacionhistoria.com\/wp-content\/uploads\/2023\/03\/Cartel-Feria-Medieval-Monforte-2023-178x300.jpeg 178w, https:\/\/recreacionhistoria.com\/wp-content\/uploads\/2023\/03\/Cartel-Feria-Medieval-Monforte-2023-607x1024.jpeg 607w, https:\/\/recreacionhistoria.com\/wp-content\/uploads\/2023\/03\/Cartel-Feria-Medieval-Monforte-2023-768x1296.jpeg 768w, https:\/\/recreacionhistoria.com\/wp-content\/uploads\/2023\/03\/Cartel-Feria-Medieval-Monforte-2023-910x1536.jpeg 910w, https:\/\/recreacionhistoria.com\/wp-content\/uploads\/2023\/03\/Cartel-Feria-Medieval-Monforte-2023.jpeg 948w\" sizes=\"(max-width: 178px) 100vw, 178px\" \/><\/p>\n<p>&nbsp;<\/p>\n<p>Os deixamos o enlace ao v\u00eddeo promocional feito pola Organiaci\u00f3n.<\/p>\n<p><a href=\"https:\/\/www.youtube.com\/watch?v=qi-iZnsc0yo&amp;feature=youtu.be\" target=\"_blank\" rel=\"noopener\">V\u00eddeo promocional XIX Feira Medieval de Monforte 2023 &#8211; YouTube<\/a><\/p>\n<p>&nbsp;<\/p>\n<p>E aqu\u00ed tedes o programa para esta edici\u00f3n:<\/p>\n<p>&nbsp;<\/p>\n<p><strong><u>S\u00c1BADO, 8 DE ABRIL<\/u><\/strong><\/p>\n<p><strong><u>\u00a0<\/u><\/strong><\/p>\n<p><strong><em><u>Pola ma\u00f1\u00e1:<\/u><\/em><\/strong><\/p>\n<ul>\n<li><strong>Mercado medieval<\/strong>: Aberto de 10:00 a 21:00 hs.<\/li>\n<li><strong><em>Campamento Medieval<\/em><\/strong>, na praza de Espa\u00f1a. Aberto de 10:30 a 14:00 hs.<\/li>\n<li><strong><em>Campamento medieval para nenos<\/em><\/strong>, na rua Santa Clara. De 11:00 a 14:00 hs.<\/li>\n<li><strong>Espect\u00e1culo de cetrer\u00eda<\/strong>, no Campo de San Antonio, de 11:00 a 14:00 hs.<\/li>\n<li><strong><em>Pr\u00e1cticas de tiro con arco<\/em><\/strong>, xunto a igresa de A R\u00e9goa. De 11:30 a 14:30 hs.<\/li>\n<li><strong><em>Maxia, bailes e acrobacias,<\/em><\/strong> na praza de Espa\u00f1a. As 12:00 hs.<\/li>\n<li><strong><em>Comida medieval no Pazo dos Condes<\/em><\/strong>, as 13:30 hs. Reservas no Tfno 982 418 484 ou monforte@parador.es<\/li>\n<li><strong>Actuaciones na rua:<\/strong>\n<ul>\n<li><strong><em>Grupo de m\u00fasica medieval Turdi\u00f3n<\/em><\/strong>: 10:00, 13:00, 16:30 y 20:00 hs.<\/li>\n<li><strong><em>Grupo de animaci\u00f3n Circocido:<\/em><\/strong> 10,30, 13:00, 15:00 y 18:00 hs.<\/li>\n<li><strong><em>Grupo Tambores, Buf\u00f3ns e Trobadores Medievais de Troula: 12:00 y 17:00 horas.<\/em><\/strong><\/li>\n<li><strong><em>Batucada<\/em><\/strong> <strong><em>de Creativa:<\/em><\/strong> 12:30 y 17.30h<\/li>\n<li><strong><em>Batucada Baturruca<\/em><\/strong>: 13:00 horas.<\/li>\n<li><strong><em>Batucada Tabaleiros<\/em><\/strong>: 14:30 y 21:00 hs.<\/li>\n<li><strong><em>Grupo Grimorium<\/em><\/strong>: 21:00 hs.<\/li>\n<\/ul>\n<\/li>\n<\/ul>\n<p>&nbsp;<\/p>\n<p><strong><em><u>Pola tarde:<\/u><\/em><\/strong><\/p>\n<ul>\n<li><strong>Mercado medieval<\/strong>: Aberto de 10:00 a 21:00 hs.<\/li>\n<li><strong><em>Campamento Medieval<\/em><\/strong>, na plaza de Espa\u00f1a. Aberto de 16:15 a 20:30 hs.<\/li>\n<li><strong><em>Campamento medieval para nenos<\/em><\/strong> na rua Santa Clara. De 16:30 a 20:30 hs.<\/li>\n<li><strong><em>Pr\u00e1cticas de tiro con arco<\/em><\/strong>, xunto a igrexa de A R\u00e9goa. De 17:00 a 20:30 hs.<\/li>\n<li><strong><em>Desfile de cabaleiros, escudeiros e soldados do Gran Torneo Medieval<\/em><\/strong>, polas ruas e plazas. As 16:30 hs.<\/li>\n<li><strong><em>Espect\u00e1culo de cetrer\u00eda<\/em><\/strong>, no Campo de San Antonio. De 16:30 a 20:30 hs.<\/li>\n<li><strong><em>Pr\u00e1cticas de tiro con arco<\/em><\/strong>, xunto a igrexa de A R\u00e9goa. De 17:00 a 20:30 hs.<\/li>\n<li><strong><em>S\u00e9ptimas Xustas Medievais, e Gran Torneo Medieval<\/em><\/strong>, no campo de terra do Colexio da Compa\u00f1\u00eda. As 18:00 hs.<\/li>\n<li><strong><em>Desfile do Gran Drag\u00f3n<\/em><\/strong>. Sae da Plaza de Espa\u00f1a. As 20:00 hs.<\/li>\n<li><strong><em>Representaciones en las calles del espect\u00e1culo \u201cAs Lendas<\/em><\/strong><em>\u201d,<\/em> reviviviendo personajes de mitos y leyendas populares. A las 20:30 hs.<\/li>\n<li><strong><em>Subida desde a praza de Espa\u00f1a<\/em><\/strong> <strong><em>ao parador de turismo en San Vicente<\/em><\/strong>. A media subida, a organizaci\u00f3n repartir\u00e1 fachos entre os participantes. As 21:00 hs.<\/li>\n<li><strong><em>Espect\u00e1culo Firme Performance<\/em><\/strong>, na praza Luis de G\u00f3ngora, con lume e ritmo e sen palabras. As 21:30 hs.<\/li>\n<li><strong><em>Suelta de lanternas<\/em><\/strong>. Neste ano repartiranse 500 entre o p\u00fablico. As 22:15 hs.<\/li>\n<\/ul>\n<p>&nbsp;<\/p>\n<p>&nbsp;<\/p>\n<p><strong><u>DOMINGO 9 DE ABRIL<\/u><\/strong><\/p>\n<p><strong><em><u>\u00a0<\/u><\/em><\/strong><\/p>\n<p><strong><em><u>Pola ma\u00f1\u00e1:<\/u><\/em><\/strong><\/p>\n<ul>\n<li><strong>Mercado medieval<\/strong>: Aberto de 10:00 a 21:00 hs.<\/li>\n<li><strong><em>Campamento Medieval<\/em><\/strong>, na praza de Espa\u00f1a. Aberto de 10:30 a 14:00 hs.<\/li>\n<li><strong><em>Campamento medieval para nebos<\/em><\/strong>, na rua Santa Clara. De 11:00 a 14:30 hs.<\/li>\n<li><strong>Espect\u00e1culo de cetrer\u00eda<\/strong>, no Campo de San Antonio, de 11:00 a 14:00 hs.<\/li>\n<li><strong><em>Pr\u00e1cticas de tiro con arco<\/em><\/strong>, xunto a igrexa de A R\u00e9goa. De 11:30 a 14:30 hs.<\/li>\n<li><strong><em>Desfile de cabaleiros, escudeiros e soldados do Gran Torneo Medieval<\/em><\/strong>, polas ruas e prazas. As 13:30 hs.<\/li>\n<li><strong>Actuaciones na rua:<\/strong>\n<ul>\n<li><strong><em>Grupo de m\u00fasica medieval Turdi\u00f3n<\/em><\/strong>: 10:00, 13:00, 15:00 y 17:00 hs.<\/li>\n<li><strong><em>Grupo de animaci\u00f3n Circocido:<\/em><\/strong> 10,30, 16:30 y 18:30 hs.<\/li>\n<li><strong><em>Batucada Xograres de Lemos<\/em><\/strong>. 12:30 hs.<\/li>\n<li><strong><em>Grupo Malatich e batucada Tabaleiros<\/em><\/strong>: 11:30, 13:00, 17:30 y 19:30 hs.<\/li>\n<li><strong><em>Grupo de m\u00fasica medieval Grimorium<\/em><\/strong>. 20:00 hs.<\/li>\n<\/ul>\n<\/li>\n<\/ul>\n<p>&nbsp;<\/p>\n<p><strong><em><u>Pola tarde:<\/u><\/em><\/strong><\/p>\n<ul>\n<li><strong><em>S\u00e9ptimas xustas medievais e gran torneo medieval<\/em><\/strong>, no campo de terra do colexio da Compa\u00f1\u00eda. As 18:00 hs.<\/li>\n<li><strong><em>Exhibici\u00f3n comentada de vestimenta civil e militar medieval e mostra de armas<\/em><\/strong> de diferentes estilos, na praza de Espa\u00f1a. As 18:00 hs.<\/li>\n<li><strong><em>Representaciones en las calles del espect\u00e1culo \u201cAs Lendas<\/em><\/strong><em>\u201d,<\/em> revivindo persoaxes de mitos e lendas populares. As 20:00 hs.<\/li>\n<li><strong><em>Desfile do Gran Drag\u00f3n<\/em><\/strong>. Sae de la Prlaza de Espa\u00f1a. As 20:30 hs.<\/li>\n<li><strong><em>Espect\u00e1culo \u201cNa escuridade\u201d,<\/em><\/strong> no Campo de San Antonio. As 21:00 hs.<\/li>\n<\/ul>\n<p>&nbsp;<\/p>\n<p><strong><em><u>Outra informaci\u00f3n:<\/u><\/em><\/strong><\/p>\n<p><strong>Exposici\u00f3n permanente: <\/strong>a torre da fortaleza de San Vicente e o seu espacio expositivo sobre o Monforte medieval poder\u00e1nse visitar neses d\u00edas en horario de 10:00 a 14:00 horas pola ma\u00f1\u00e1, \u00e9 de 16:30 a 20:30 hs pola tarde.<\/p>\n<p><strong>Puntos de Informaci\u00f3n<\/strong>: Oficina Municipal de Turismo (r\u00faa Comercio 6) e pabell\u00f3n da Feira Medieval (Praza de Espa\u00f1a).<\/p>\n<p><strong><em>Postos de r\u00faa<\/em><\/strong>: nas nove ruas e prazas que est\u00e1n dentro do recinto da Feira Medieval instalar\u00e1nse este ano 130 postos de r\u00faa, de venta de diferentes productos, que son 27 mais que no ano pasado.<\/p>\n<p>&nbsp;<\/p>\n<p>Aqu\u00ed tedes o programa en formato PDF:<\/p>\n<p><a href=\"https:\/\/recreacionhistoria.com\/wp-content\/uploads\/2023\/03\/Programa-Medieval-Monforte-2023.pdf\">Programa Medieval Monforte 2023<\/a><\/p>\n","protected":false},"excerpt":{"rendered":"<p>Chega unha nova edici\u00f3n da fermosa Feira Medieval de Monforte de Lemos, localidade sita na provicia de Lugo, e que neste ano alcanza a n\u00famero XIX. Ter\u00e1 lugar os d\u00edas 8 e 9 de abril, en plena Semana Santa. &nbsp; Os deixamos o enlace ao v\u00eddeo promocional feito pola Organiaci\u00f3n. V\u00eddeo promocional XIX Feira Medieval&hellip;<\/p>\n","protected":false},"author":2,"featured_media":13172,"comment_status":"open","ping_status":"closed","template":"","tags":[2753,226,374,277,210,211,2800],"mec_category":[395],"class_list":["post-13176","mec-events","type-mec-events","status-publish","has-post-thumbnail","hentry","tag-2023-gl","tag-feiras","tag-feria-gl","tag-lugo-provincia-gl","tag-medieval-gl","tag-mercado-2-gl","tag-monforte-lemos-gl","mec_category-feiras-e-mercados-medievais","description-off"],"_links":{"self":[{"href":"https:\/\/recreacionhistoria.com\/gl\/wp-json\/wp\/v2\/mec-events\/13176","targetHints":{"allow":["GET"]}}],"collection":[{"href":"https:\/\/recreacionhistoria.com\/gl\/wp-json\/wp\/v2\/mec-events"}],"about":[{"href":"https:\/\/recreacionhistoria.com\/gl\/wp-json\/wp\/v2\/types\/mec-events"}],"author":[{"embeddable":true,"href":"https:\/\/recreacionhistoria.com\/gl\/wp-json\/wp\/v2\/users\/2"}],"replies":[{"embeddable":true,"href":"https:\/\/recreacionhistoria.com\/gl\/wp-json\/wp\/v2\/comments?post=13176"}],"wp:featuredmedia":[{"embeddable":true,"href":"https:\/\/recreacionhistoria.com\/gl\/wp-json\/wp\/v2\/media\/13172"}],"wp:attachment":[{"href":"https:\/\/recreacionhistoria.com\/gl\/wp-json\/wp\/v2\/media?parent=13176"}],"wp:term":[{"taxonomy":"post_tag","embeddable":true,"href":"https:\/\/recreacionhistoria.com\/gl\/wp-json\/wp\/v2\/tags?post=13176"},{"taxonomy":"mec_category","embeddable":true,"href":"https:\/\/recreacionhistoria.com\/gl\/wp-json\/wp\/v2\/mec_category?post=13176"}],"curies":[{"name":"wp","href":"https:\/\/api.w.org\/{rel}","templated":true}]}}

<p>Chega unha nova edición da fermosa Feira Medieval de Monforte de Lemos, localidade sita na provicia de Lugo, e que neste ano alcanza a número XIX. Terá lugar os días 8 e 9 de abril, en plena Semana Santa.</p>
<p><img fetchpriority="high" decoding="async" class="size-medium wp-image-13173 aligncenter" src="https://recreacionhistoria.com/wp-content/uploads/2023/03/Cartel-Feria-Medieval-Monforte-2023-178x300.jpeg" alt="" width="178" height="300" title="" srcset="https://recreacionhistoria.com/wp-content/uploads/2023/03/Cartel-Feria-Medieval-Monforte-2023-178x300.jpeg 178w, https://recreacionhistoria.com/wp-content/uploads/2023/03/Cartel-Feria-Medieval-Monforte-2023-607x1024.jpeg 607w, https://recreacionhistoria.com/wp-content/uploads/2023/03/Cartel-Feria-Medieval-Monforte-2023-768x1296.jpeg 768w, https://recreacionhistoria.com/wp-content/uploads/2023/03/Cartel-Feria-Medieval-Monforte-2023-910x1536.jpeg 910w, https://recreacionhistoria.com/wp-content/uploads/2023/03/Cartel-Feria-Medieval-Monforte-2023.jpeg 948w" sizes="(max-width: 178px) 100vw, 178px" /></p>
<p>&nbsp;</p>
<p>Os deixamos o enlace ao vídeo promocional feito pola Organiación.</p>
<p><a href="https://www.youtube.com/watch?v=qi-iZnsc0yo&amp;feature=youtu.be" target="_blank" rel="noopener">Vídeo promocional XIX Feira Medieval de Monforte 2023 &#8211; YouTube</a></p>
<p>&nbsp;</p>
<p>E aquí tedes o programa para esta edición:</p>
<p>&nbsp;</p>
<p><strong><u>SÁBADO, 8 DE ABRIL</u></strong></p>
<p><strong><u> </u></strong></p>
<p><strong><em><u>Pola mañá:</u></em></strong></p>
<ul>
<li><strong>Mercado medieval</strong>: Aberto de 10:00 a 21:00 hs.</li>
<li><strong><em>Campamento Medieval</em></strong>, na praza de España. Aberto de 10:30 a 14:00 hs.</li>
<li><strong><em>Campamento medieval para nenos</em></strong>, na rua Santa Clara. De 11:00 a 14:00 hs.</li>
<li><strong>Espectáculo de cetrería</strong>, no Campo de San Antonio, de 11:00 a 14:00 hs.</li>
<li><strong><em>Prácticas de tiro con arco</em></strong>, xunto a igresa de A Régoa. De 11:30 a 14:30 hs.</li>
<li><strong><em>Maxia, bailes e acrobacias,</em></strong> na praza de España. As 12:00 hs.</li>
<li><strong><em>Comida medieval no Pazo dos Condes</em></strong>, as 13:30 hs. Reservas no Tfno 982 418 484 ou monforte@parador.es</li>
<li><strong>Actuaciones na rua:</strong>
<ul>
<li><strong><em>Grupo de música medieval Turdión</em></strong>: 10:00, 13:00, 16:30 y 20:00 hs.</li>
<li><strong><em>Grupo de animación Circocido:</em></strong> 10,30, 13:00, 15:00 y 18:00 hs.</li>
<li><strong><em>Grupo Tambores, Bufóns e Trobadores Medievais de Troula: 12:00 y 17:00 horas.</em></strong></li>
<li><strong><em>Batucada</em></strong> <strong><em>de Creativa:</em></strong> 12:30 y 17.30h</li>
<li><strong><em>Batucada Baturruca</em></strong>: 13:00 horas.</li>
<li><strong><em>Batucada Tabaleiros</em></strong>: 14:30 y 21:00 hs.</li>
<li><strong><em>Grupo Grimorium</em></strong>: 21:00 hs.</li>
</ul>
</li>
</ul>
<p>&nbsp;</p>
<p><strong><em><u>Pola tarde:</u></em></strong></p>
<ul>
<li><strong>Mercado medieval</strong>: Aberto de 10:00 a 21:00 hs.</li>
<li><strong><em>Campamento Medieval</em></strong>, na plaza de España. Aberto de 16:15 a 20:30 hs.</li>
<li><strong><em>Campamento medieval para nenos</em></strong> na rua Santa Clara. De 16:30 a 20:30 hs.</li>
<li><strong><em>Prácticas de tiro con arco</em></strong>, xunto a igrexa de A Régoa. De 17:00 a 20:30 hs.</li>
<li><strong><em>Desfile de cabaleiros, escudeiros e soldados do Gran Torneo Medieval</em></strong>, polas ruas e plazas. As 16:30 hs.</li>
<li><strong><em>Espectáculo de cetrería</em></strong>, no Campo de San Antonio. De 16:30 a 20:30 hs.</li>
<li><strong><em>Prácticas de tiro con arco</em></strong>, xunto a igrexa de A Régoa. De 17:00 a 20:30 hs.</li>
<li><strong><em>Séptimas Xustas Medievais, e Gran Torneo Medieval</em></strong>, no campo de terra do Colexio da Compañía. As 18:00 hs.</li>
<li><strong><em>Desfile do Gran Dragón</em></strong>. Sae da Plaza de España. As 20:00 hs.</li>
<li><strong><em>Representaciones en las calles del espectáculo “As Lendas</em></strong><em>”,</em> reviviviendo personajes de mitos y leyendas populares. A las 20:30 hs.</li>
<li><strong><em>Subida desde a praza de España</em></strong> <strong><em>ao parador de turismo en San Vicente</em></strong>. A media subida, a organización repartirá fachos entre os participantes. As 21:00 hs.</li>
<li><strong><em>Espectáculo Firme Performance</em></strong>, na praza Luis de Góngora, con lume e ritmo e sen palabras. As 21:30 hs.</li>
<li><strong><em>Suelta de lanternas</em></strong>. Neste ano repartiranse 500 entre o público. As 22:15 hs.</li>
</ul>
<p>&nbsp;</p>
<p>&nbsp;</p>
<p><strong><u>DOMINGO 9 DE ABRIL</u></strong></p>
<p><strong><em><u> </u></em></strong></p>
<p><strong><em><u>Pola mañá:</u></em></strong></p>
<ul>
<li><strong>Mercado medieval</strong>: Aberto de 10:00 a 21:00 hs.</li>
<li><strong><em>Campamento Medieval</em></strong>, na praza de España. Aberto de 10:30 a 14:00 hs.</li>
<li><strong><em>Campamento medieval para nebos</em></strong>, na rua Santa Clara. De 11:00 a 14:30 hs.</li>
<li><strong>Espectáculo de cetrería</strong>, no Campo de San Antonio, de 11:00 a 14:00 hs.</li>
<li><strong><em>Prácticas de tiro con arco</em></strong>, xunto a igrexa de A Régoa. De 11:30 a 14:30 hs.</li>
<li><strong><em>Desfile de cabaleiros, escudeiros e soldados do Gran Torneo Medieval</em></strong>, polas ruas e prazas. As 13:30 hs.</li>
<li><strong>Actuaciones na rua:</strong>
<ul>
<li><strong><em>Grupo de música medieval Turdión</em></strong>: 10:00, 13:00, 15:00 y 17:00 hs.</li>
<li><strong><em>Grupo de animación Circocido:</em></strong> 10,30, 16:30 y 18:30 hs.</li>
<li><strong><em>Batucada Xograres de Lemos</em></strong>. 12:30 hs.</li>
<li><strong><em>Grupo Malatich e batucada Tabaleiros</em></strong>: 11:30, 13:00, 17:30 y 19:30 hs.</li>
<li><strong><em>Grupo de música medieval Grimorium</em></strong>. 20:00 hs.</li>
</ul>
</li>
</ul>
<p>&nbsp;</p>
<p><strong><em><u>Pola tarde:</u></em></strong></p>
<ul>
<li><strong><em>Séptimas xustas medievais e gran torneo medieval</em></strong>, no campo de terra do colexio da Compañía. As 18:00 hs.</li>
<li><strong><em>Exhibición comentada de vestimenta civil e militar medieval e mostra de armas</em></strong> de diferentes estilos, na praza de España. As 18:00 hs.</li>
<li><strong><em>Representaciones en las calles del espectáculo “As Lendas</em></strong><em>”,</em> revivindo persoaxes de mitos e lendas populares. As 20:00 hs.</li>
<li><strong><em>Desfile do Gran Dragón</em></strong>. Sae de la Prlaza de España. As 20:30 hs.</li>
<li><strong><em>Espectáculo “Na escuridade”,</em></strong> no Campo de San Antonio. As 21:00 hs.</li>
</ul>
<p>&nbsp;</p>
<p><strong><em><u>Outra información:</u></em></strong></p>
<p><strong>Exposición permanente: </strong>a torre da fortaleza de San Vicente e o seu espacio expositivo sobre o Monforte medieval poderánse visitar neses días en horario de 10:00 a 14:00 horas pola mañá, é de 16:30 a 20:30 hs pola tarde.</p>
<p><strong>Puntos de Información</strong>: Oficina Municipal de Turismo (rúa Comercio 6) e pabellón da Feira Medieval (Praza de España).</p>
<p><strong><em>Postos de rúa</em></strong>: nas nove ruas e prazas que están dentro do recinto da Feira Medieval instalaránse este ano 130 postos de rúa, de venta de diferentes productos, que son 27 mais que no ano pasado.</p>
<p>&nbsp;</p>
<p>Aquí tedes o programa en formato PDF:</p>
<p><a href="https://recreacionhistoria.com/wp-content/uploads/2023/03/Programa-Medieval-Monforte-2023.pdf">Programa Medieval Monforte 2023</a></p>

<p>Chega unha nova edición da fermosa Feira Medieval de Monforte de Lemos, localidade sita na provicia de Lugo, e que neste ano alcanza a número XIX. Terá lugar os días 8 e 9 de abril, en plena Semana Santa. &nbsp; Os deixamos o enlace ao vídeo promocional feito pola Organiación. Vídeo promocional XIX Feira Medieval&hellip;</p>
