{"id":11737,"date":"2022-08-02T10:19:32","date_gmt":"2022-08-02T09:19:32","guid":{"rendered":"https:\/\/recreacionhistoria.com\/events\/feira-franca-pontevedra-2022\/"},"modified":"2022-08-30T15:43:47","modified_gmt":"2022-08-30T14:43:47","slug":"feira-franca-pontevedra-2022","status":"publish","type":"mec-events","link":"https:\/\/recreacionhistoria.com\/gl\/events\/feira-franca-pontevedra-2022\/","title":{"rendered":"Feira Franca Pontevedra, 2022"},"content":{"rendered":"<p>Chega a hora dunha das festas medievais con m\u00e1is tradici\u00f3n e prestixio en Galicia. A Feira Franca de Pontevedra, neste ano 2022, ter\u00e1 lugar o fin de semana formado polos d\u00edas 2 e 3 de setembro.<\/p>\n<p>Tras dous duros anos de pandemia, esta Feira presenta nesta, a s\u00faa XXI edici\u00f3n, un ambiciosos programa de actividades, destinado a todos os p\u00fablicos, sendo o protagonista nesta edici\u00f3n o r\u00edo L\u00e9rez, que como ben saben os habitantes desta fermosa cidade, \u00e9 un elemento de vital importancia para o seu desenvolvemento e calidade de vida.<\/p>\n<p>Realmente, o programa in\u00edciase na noite do venres d\u00eda 1, \u00e1s 22:00 horas co espect\u00e1culo inaugural titulado \u201cO L\u00e9rez\u201d, que ter\u00e1 lugar na praza d\u00e1 Ferrer\u00eda.<\/p>\n<p>O s\u00e1bado, o d\u00eda principal deste evento, atoparemos pregoeiros montados dacabalo e un gran n\u00famero de actividades de animaci\u00f3n protagonizado polas m\u00e1is de 20 asociaci\u00f3ns e agrupaci\u00f3ns que se encargar\u00e1n diso. Unha das citas m\u00e1is esperadas ser\u00e1 o tradicional desfile do transporte do vi\u00f1o, que levar\u00e1 a cabo \u00e1s 12.00 horas por parte da Asociaci\u00f3n Recreativa Xeve. Leste sair\u00e1 dos arredores do convento de Santa Clara e chegar\u00e1 at\u00e9 a Praza d\u00e1 Peregrina.<\/p>\n<p>Ademais, desde as 11.30 horas at\u00e9 as 22 haber\u00e1 numerosas actividades de xogos, m\u00fasica, etc, tentando potenciar a participaci\u00f3n de todos os presentes.<\/p>\n<p>Entre a Ponte do Burgo e a Ponte das Correntes, haber\u00e1 unha exhibici\u00f3n durante todo o d\u00eda de embarcaci\u00f3ns tradicionais e, ademais, O Burgo tam\u00e9n acoller\u00e1 unha mostra destas embarcaci\u00f3ns e atrezo tradicional. Atoparemos tam\u00e9n un Gran Torneo Medieval, do que haber\u00e1 dous pases na praza de touros, un castelo, mercados, talleres, campamentos, e moitas actividades para os m\u00e1is pequenos.<\/p>\n<p>Doutra banda, e tendo en conta que o r\u00edo ter\u00e1 un protagonismo especial nesta edici\u00f3n, o s\u00e1bado, a partir das 11.30 horas, haber\u00e1 unha exhibici\u00f3n de embarcaci\u00f3ns tradicionais entre a Ponte do Burgo e o das Correntes.<\/p>\n<p>E falando de datos hai que dicir que se contar\u00e1 coa presenza de 116 postos de hostalar\u00eda e 183 mesas particulares. A estas cifras haber\u00eda que sumar os 92 postos de alimentaci\u00f3n e artesan\u00eda que haber\u00e1 tam\u00e9n polo centro hist\u00f3rico.<\/p>\n<p>Ademais de animarvos a gozar deste fermoso evento, tam\u00e9n lembrarvos que se desexades vestirvos e caracterizarvos \u00e1 maneira medieval, tedes unha magn\u00edfica oportunidade coa presenza da firma Popel\u00edn, coa simp\u00e1tica Guadalupe \u00e1 fronte, que ter\u00e1 o seu posto de venda e aluguer de traxes e complementos medievais na r\u00faa Guti\u00e9rrez Mellado, 3, no local 7. O tel\u00e9fono de contacto \u00e9 o 661535640. Podedes ver as s\u00faas creaci\u00f3ns en <a href=\"http:\/\/www.trajemedieval.com\" target=\"_blank\" rel=\"noopener\">www.trajemedieval.com<\/a><\/p>\n","protected":false},"excerpt":{"rendered":"<p>Chega a hora dunha das festas medievais con m\u00e1is tradici\u00f3n e prestixio en Galicia. A Feira Franca de Pontevedra, neste ano 2022, ter\u00e1 lugar o fin de semana formado polos d\u00edas 2 e 3 de setembro. Tras dous duros anos de pandemia, esta Feira presenta nesta, a s\u00faa XXI edici\u00f3n, un ambiciosos programa de actividades,&hellip;<\/p>\n","protected":false},"author":2,"featured_media":0,"comment_status":"open","ping_status":"closed","template":"","tags":[2060,226,227,146,617,126,210,211,281],"mec_category":[395],"class_list":["post-11737","mec-events","type-mec-events","status-publish","hentry","tag-2060","tag-feiras","tag-festa","tag-fiesta","tag-franca-gl","tag-galicia-gl","tag-medieval-gl","tag-mercado-2-gl","tag-pontevedra-gl","mec_category-feiras-e-mercados-medievais","description-off"],"_links":{"self":[{"href":"https:\/\/recreacionhistoria.com\/gl\/wp-json\/wp\/v2\/mec-events\/11737","targetHints":{"allow":["GET"]}}],"collection":[{"href":"https:\/\/recreacionhistoria.com\/gl\/wp-json\/wp\/v2\/mec-events"}],"about":[{"href":"https:\/\/recreacionhistoria.com\/gl\/wp-json\/wp\/v2\/types\/mec-events"}],"author":[{"embeddable":true,"href":"https:\/\/recreacionhistoria.com\/gl\/wp-json\/wp\/v2\/users\/2"}],"replies":[{"embeddable":true,"href":"https:\/\/recreacionhistoria.com\/gl\/wp-json\/wp\/v2\/comments?post=11737"}],"wp:attachment":[{"href":"https:\/\/recreacionhistoria.com\/gl\/wp-json\/wp\/v2\/media?parent=11737"}],"wp:term":[{"taxonomy":"post_tag","embeddable":true,"href":"https:\/\/recreacionhistoria.com\/gl\/wp-json\/wp\/v2\/tags?post=11737"},{"taxonomy":"mec_category","embeddable":true,"href":"https:\/\/recreacionhistoria.com\/gl\/wp-json\/wp\/v2\/mec_category?post=11737"}],"curies":[{"name":"wp","href":"https:\/\/api.w.org\/{rel}","templated":true}]}}

<p>Chega a hora dunha das festas medievais con máis tradición e prestixio en Galicia. A Feira Franca de Pontevedra, neste ano 2022, terá lugar o fin de semana formado polos días 2 e 3 de setembro.</p>
<p>Tras dous duros anos de pandemia, esta Feira presenta nesta, a súa XXI edición, un ambiciosos programa de actividades, destinado a todos os públicos, sendo o protagonista nesta edición o río Lérez, que como ben saben os habitantes desta fermosa cidade, é un elemento de vital importancia para o seu desenvolvemento e calidade de vida.</p>
<p>Realmente, o programa iníciase na noite do venres día 1, ás 22:00 horas co espectáculo inaugural titulado “O Lérez”, que terá lugar na praza dá Ferrería.</p>
<p>O sábado, o día principal deste evento, atoparemos pregoeiros montados dacabalo e un gran número de actividades de animación protagonizado polas máis de 20 asociacións e agrupacións que se encargarán diso. Unha das citas máis esperadas será o tradicional desfile do transporte do viño, que levará a cabo ás 12.00 horas por parte da Asociación Recreativa Xeve. Leste sairá dos arredores do convento de Santa Clara e chegará até a Praza dá Peregrina.</p>
<p>Ademais, desde as 11.30 horas até as 22 haberá numerosas actividades de xogos, música, etc, tentando potenciar a participación de todos os presentes.</p>
<p>Entre a Ponte do Burgo e a Ponte das Correntes, haberá unha exhibición durante todo o día de embarcacións tradicionais e, ademais, O Burgo tamén acollerá unha mostra destas embarcacións e atrezo tradicional. Atoparemos tamén un Gran Torneo Medieval, do que haberá dous pases na praza de touros, un castelo, mercados, talleres, campamentos, e moitas actividades para os máis pequenos.</p>
<p>Doutra banda, e tendo en conta que o río terá un protagonismo especial nesta edición, o sábado, a partir das 11.30 horas, haberá unha exhibición de embarcacións tradicionais entre a Ponte do Burgo e o das Correntes.</p>
<p>E falando de datos hai que dicir que se contará coa presenza de 116 postos de hostalaría e 183 mesas particulares. A estas cifras habería que sumar os 92 postos de alimentación e artesanía que haberá tamén polo centro histórico.</p>
<p>Ademais de animarvos a gozar deste fermoso evento, tamén lembrarvos que se desexades vestirvos e caracterizarvos á maneira medieval, tedes unha magnífica oportunidade coa presenza da firma Popelín, coa simpática Guadalupe á fronte, que terá o seu posto de venda e aluguer de traxes e complementos medievais na rúa Gutiérrez Mellado, 3, no local 7. O teléfono de contacto é o 661535640. Podedes ver as súas creacións en <a href="http://www.trajemedieval.com" target="_blank" rel="noopener">www.trajemedieval.com</a></p>

<p>Chega a hora dunha das festas medievais con máis tradición e prestixio en Galicia. A Feira Franca de Pontevedra, neste ano 2022, terá lugar o fin de semana formado polos días 2 e 3 de setembro. Tras dous duros anos de pandemia, esta Feira presenta nesta, a súa XXI edición, un ambiciosos programa de actividades,&hellip;</p>
