{"id":11617,"date":"2022-06-08T15:05:03","date_gmt":"2022-06-08T14:05:03","guid":{"rendered":"https:\/\/recreacionhistoria.com\/events\/o-vislumbre-de-un-imperio-coimbra-2022\/"},"modified":"2022-06-08T15:14:33","modified_gmt":"2022-06-08T14:14:33","slug":"o-vislumbre-de-un-imperio-coimbra-2022","status":"publish","type":"mec-events","link":"https:\/\/recreacionhistoria.com\/gl\/events\/o-vislumbre-de-un-imperio-coimbra-2022\/","title":{"rendered":"O Vislumbre de un Imperio, Coimbra 2022"},"content":{"rendered":"<p>Fixadas as datas para a celebraci\u00f3n da Festa<strong><em> &#8220;O Vislumbre dun Imperio&#8221;,<\/em><\/strong> que ter\u00e1 lugar, como \u00e9 habitual, na vila portuguesa de Coimbra, os d\u00edas 17 a 19 de xu\u00f1o de 2022.<\/p>\n<p>Un evento que est\u00e1 *consolid\u00e1nose a pesar da pandemia, chegando xa \u00e1 s\u00faa s\u00e9tima edici\u00f3n.<\/p>\n<p><img decoding=\"async\" class=\"size-medium wp-image-11613 aligncenter\" src=\"https:\/\/recreacionhistoria.com\/wp-content\/uploads\/2022\/06\/VII-edic-O-Vislumbre-Imperio-Coimbra-2022-300x117.jpg\" alt=\"\" width=\"300\" height=\"117\" title=\"\" srcset=\"https:\/\/recreacionhistoria.com\/wp-content\/uploads\/2022\/06\/VII-edic-O-Vislumbre-Imperio-Coimbra-2022-300x117.jpg 300w, https:\/\/recreacionhistoria.com\/wp-content\/uploads\/2022\/06\/VII-edic-O-Vislumbre-Imperio-Coimbra-2022-768x299.jpg 768w, https:\/\/recreacionhistoria.com\/wp-content\/uploads\/2022\/06\/VII-edic-O-Vislumbre-Imperio-Coimbra-2022.jpg 1024w\" sizes=\"(max-width: 300px) 100vw, 300px\" \/><\/p>\n","protected":false},"excerpt":{"rendered":"<p>Fixadas as datas para a celebraci\u00f3n da Festa &#8220;O Vislumbre dun Imperio&#8221;, que ter\u00e1 lugar, como \u00e9 habitual, na vila portuguesa de Coimbra, os d\u00edas 17 a 19 de xu\u00f1o de 2022. Un evento que est\u00e1 *consolid\u00e1nose a pesar da pandemia, chegando xa \u00e1 s\u00faa s\u00e9tima edici\u00f3n.<\/p>\n","protected":false},"author":2,"featured_media":0,"comment_status":"open","ping_status":"closed","template":"","tags":[2060,2259,226,374,227,375,210,586,2260,252],"mec_category":[395],"class_list":["post-11617","mec-events","type-mec-events","status-publish","hentry","tag-2060","tag-coimbra-gl","tag-feiras","tag-feria-gl","tag-festa","tag-fiesta-gl","tag-medieval-gl","tag-mercad-gl","tag-o-vislumbre-de-un-imperio-gl","tag-portugal-gl","mec_category-feiras-e-mercados-medievais","description-off"],"_links":{"self":[{"href":"https:\/\/recreacionhistoria.com\/gl\/wp-json\/wp\/v2\/mec-events\/11617","targetHints":{"allow":["GET"]}}],"collection":[{"href":"https:\/\/recreacionhistoria.com\/gl\/wp-json\/wp\/v2\/mec-events"}],"about":[{"href":"https:\/\/recreacionhistoria.com\/gl\/wp-json\/wp\/v2\/types\/mec-events"}],"author":[{"embeddable":true,"href":"https:\/\/recreacionhistoria.com\/gl\/wp-json\/wp\/v2\/users\/2"}],"replies":[{"embeddable":true,"href":"https:\/\/recreacionhistoria.com\/gl\/wp-json\/wp\/v2\/comments?post=11617"}],"wp:attachment":[{"href":"https:\/\/recreacionhistoria.com\/gl\/wp-json\/wp\/v2\/media?parent=11617"}],"wp:term":[{"taxonomy":"post_tag","embeddable":true,"href":"https:\/\/recreacionhistoria.com\/gl\/wp-json\/wp\/v2\/tags?post=11617"},{"taxonomy":"mec_category","embeddable":true,"href":"https:\/\/recreacionhistoria.com\/gl\/wp-json\/wp\/v2\/mec_category?post=11617"}],"curies":[{"name":"wp","href":"https:\/\/api.w.org\/{rel}","templated":true}]}}

<p>Fixadas as datas para a celebración da Festa<strong><em> &#8220;O Vislumbre dun Imperio&#8221;,</em></strong> que terá lugar, como é habitual, na vila portuguesa de Coimbra, os días 17 a 19 de xuño de 2022.</p>
<p>Un evento que está *consolidánose a pesar da pandemia, chegando xa á súa sétima edición.</p>
<p><img decoding="async" class="size-medium wp-image-11613 aligncenter" src="https://recreacionhistoria.com/wp-content/uploads/2022/06/VII-edic-O-Vislumbre-Imperio-Coimbra-2022-300x117.jpg" alt="" width="300" height="117" title="" srcset="https://recreacionhistoria.com/wp-content/uploads/2022/06/VII-edic-O-Vislumbre-Imperio-Coimbra-2022-300x117.jpg 300w, https://recreacionhistoria.com/wp-content/uploads/2022/06/VII-edic-O-Vislumbre-Imperio-Coimbra-2022-768x299.jpg 768w, https://recreacionhistoria.com/wp-content/uploads/2022/06/VII-edic-O-Vislumbre-Imperio-Coimbra-2022.jpg 1024w" sizes="(max-width: 300px) 100vw, 300px" /></p>

<p>Fixadas as datas para a celebración da Festa &#8220;O Vislumbre dun Imperio&#8221;, que terá lugar, como é habitual, na vila portuguesa de Coimbra, os días 17 a 19 de xuño de 2022. Un evento que está *consolidánose a pesar da pandemia, chegando xa á súa sétima edición.</p>
