{"id":11074,"date":"2022-04-26T14:37:35","date_gmt":"2022-04-26T13:37:35","guid":{"rendered":"https:\/\/recreacionhistoria.com\/events\/asalto-al-castillo-de-vimianzo-2022\/"},"modified":"2022-06-08T15:29:11","modified_gmt":"2022-06-08T14:29:11","slug":"asalto-ao-castelo-de-vimianzo-2022","status":"publish","type":"mec-events","link":"https:\/\/recreacionhistoria.com\/gl\/events\/asalto-ao-castelo-de-vimianzo-2022\/","title":{"rendered":"Asalto ao Castelo de Vimianzo, 2022"},"content":{"rendered":"<p>Chega unha nova edici\u00f3n dun evento diferente, sempre interesante e atractivo. O Asalto ao Castelo de Vimianzo ter\u00e1 lugar o primeiro fin de semana do mes de xullo, concretamente o s\u00e1bado d\u00eda 2, e este ano alcanza a m\u00e1xica XXV edici\u00f3n.<\/p>\n<p>Este evento \u00e9 unha celebraci\u00f3n que se inspira na Gran Guerra Irmandi\u00f1a, que comezou no ano 1467 en toda Galicia, momento no que o pobo se sublevou contra o poder abusivo do se\u00f1ores feudais.<\/p>\n<p>Coa representaci\u00f3n teatralizada deste feito hist\u00f3rico, do algunha maneira simbol\u00edzanse as inxustizas, en clave de humor, surrealismo e retranca, contando coa sempre atractiva participaci\u00f3n do p\u00fablico.<\/p>\n<p>A\u00ednda que esta representaci\u00f3n \u00e9 o eixo central da festa, ou certo \u00e9 que hai un bo n\u00famero de actividades que axudan a completala e mellorala. Atoparemos m\u00fasica, gastronom\u00eda e numerosas actividades para maiores e pequenos.<\/p>\n<p>&nbsp;<\/p>\n<p>Aqui tedes o programa de actividades. Podedes atopar mas informaci\u00f3n en <a href=\"https:\/\/www.asaltoaocastelo.gal\/\" target=\"_blank\" rel=\"noopener\">https:\/\/www.asaltoaocastelo.gal\/<\/a><\/p>\n<p>&nbsp;<\/p>\n<p><strong>S\u00c1BADO 25 DE XU\u00d1O<\/strong><\/p>\n<p>11:00 + 17:00 | Visita Guiada (Castelo)<\/p>\n<p>21:00 | VI Legua Irmandi\u00f1a (Praza do Concello-Castelo de Vimianzo)<\/p>\n<p>&nbsp;<\/p>\n<p><strong>DOMINGO 26 DE XU\u00d1O<\/strong><\/p>\n<p>10:30 | Ruta Teatral \u00e1 Cruz do Loureiro. Di\u00e1logo co Tempo e co Lugar<\/p>\n<p>(Praza Castelao-Castelo)<\/p>\n<p>17:00 | Visita Guiada (Castelo)<\/p>\n<p>&nbsp;<\/p>\n<p><strong>DE LUNS 27 DE XU\u00d1O\u2026<\/strong><\/p>\n<p>\u2026A VENRES 1 10:00 a 14:00 | Semana Medieval (Campamento VimiVer\u00e1n)<\/p>\n<p>&nbsp;<\/p>\n<p><strong>DE MARTES 28 DE XU\u00d1O\u2026<\/strong><\/p>\n<p>\u2026A S\u00c1BADO 2 12:00 a 15:00 e 19:00 a 23:00 | XIII PINCHOS IRMANDI\u00d1OS<\/p>\n<p>\u2026A DOMINGO 3 10:30 a 14:00 e 16:00 a 20:30 | Mostra de Artesan\u00eda en Vivo (Castelo)<\/p>\n<p>&nbsp;<\/p>\n<p><strong>XULLO 30 DE XU\u00d1O<\/strong><\/p>\n<p>12:00 | Xornada Internacional sobre Patrimonio Cultural e Cami\u00f1os de Santiago (Casa de Cultura)<\/p>\n<p>20:00 | Espazo Art\u00edstico Itinerante (R\u00faa)<\/p>\n<p>20:00 | Des-enterro Irmandi\u00f1o (R\u00faa)<\/p>\n<p>&nbsp;<\/p>\n<p><strong>VENRES 1 DE XULLO<\/strong><\/p>\n<p>20:00 | Espazo Art\u00edstico Itinerante (R\u00faa)<\/p>\n<p>21:00 | IV Enlace Irmandi\u00f1o (Foso do Castelo)<\/p>\n<p>21:30 | XI Cea Medieval (Foso do Castelo)<\/p>\n<p>00:00 | Noite Meiga (Foso do Castelo)<\/p>\n<p>00:00 | Portas Abertas: C\u00e9 Orquestra Pantasma<\/p>\n<p>Queimada. Loita dru\u00eddica: Roberto Traba vs Miguel Queiro<\/p>\n<p>01:00 | Concertos: Monoulious Dop<\/p>\n<p>A Banda da Balbina<\/p>\n<p>&nbsp;<\/p>\n<p><strong>S\u00c1BADO 2 DE XULLO<\/strong><\/p>\n<p>MA\u00d1\u00c1 (PRAZA DO CONCELLO, ag\u00e1s especificaci\u00f3ns)<\/p>\n<p>10:00 a 20:30 | X Feira Artesanal<\/p>\n<p>11:00 a 13:00 | Xogoflexia. Obradoiros Infant\u00eds: Cruz Vermella<\/p>\n<p>11:10 a 12:00 | Xogos de Mesa Irmandi\u00f1os (Demo): INCUDE<\/p>\n<p>11:30 | Xadrez: Torneo de R\u00e1pidas INCUDE<\/p>\n<p>12:30 | Torneo de Clash Royale: INCUDE<\/p>\n<p>12:45 | M\u00fasicas do Mundo Revolucion\u00e1rio: Suso Quinito<\/p>\n<p>13:00 | Taller de Esgrima Infantil: Club Falcata HEMA<\/p>\n<p>13:15 | T\u00e9cnicas de Combate Medieval: Club Falcata HEMA<\/p>\n<p>13:30 | Moda Medieval. C\u00f3mo vest\u00eda un soldado: Club Falcata HEMA<\/p>\n<p>13:45 | Espazo Art\u00edstico Itinerante (R\u00faa)<\/p>\n<p>13:45 | Sesi\u00f3n verm\u00fa ambulante: Lilicleta (R\u00faa)<\/p>\n<p>&nbsp;<\/p>\n<p>TARDE (PRAZA DO CONCELLO, ag\u00e1s especificaci\u00f3ns)<\/p>\n<p>16:00 | Torneo Internacional de Xadrez por Internet: INCUDE<\/p>\n<p>16:00 | Aturuxos Irmandi\u00f1os: Arenga Musical con Medio Quinh\u00f3n<\/p>\n<p>16:30 a 17:40 | ASALTI\u00d1O<\/p>\n<p>16:30 | Irrupci\u00f3n da Hoste dos Moscoso<\/p>\n<p>17:00 | Concentraci\u00f3n de Tropa (Praza Castelao)<\/p>\n<p>17:10 | Ataque ao Castelo (Foso do Castelo)<\/p>\n<p>17:40 | Viaxe no tempo. Historia Dramatizada do Castelo (Patio de Armas do Castelo)<\/p>\n<p>18:15 | Moda Medieval. C\u00f3mo vest\u00eda un soldado: Club Falcata HEMA<\/p>\n<p>18:30 | T\u00e9cnicas de Combate Medieval: Club Falcata HEMA<\/p>\n<p>18:45 | Taller de Esgrima Infantil: Club Falcata HEMA<\/p>\n<p>19:00 | VI Irmandade Parroquial<\/p>\n<p>19:40 | Presentaci\u00f3n da Mui\u00f1eira de Vimianzo: Medio Quinh\u00f3n<\/p>\n<p>19:50 | Preg\u00f3n + Izado da Bandeira Irmandi\u00f1a<\/p>\n<p>20:00 | Des-Concerto: Los Jinetes del Tr\u00f3pico<\/p>\n<p>20:10 | Circu\u00edto Musical (R\u00faa): A. C. Trubisqui\u00f1a<\/p>\n<p>Batucada As Curandeiras-Kosoko Nasera<\/p>\n<p>Medio Quinh\u00f3n<\/p>\n<p>Batucada Rapacoll\u00f3n\u2019s Big Band Fisterra<\/p>\n<p>Lilicleta<\/p>\n<p>21:00 | M\u00fasica con Marcos:<\/p>\n<p>Teima (Praza Castelao)<\/p>\n<p>Sapoconcho Sem Poncho (R\u00faa V\u00e1zquez Mouzo)<\/p>\n<p>&nbsp;<\/p>\n<p>NOITE (ZONA DE CONCERTOS)<\/p>\n<p>21:00 | CEA<\/p>\n<p>22:00 | S\u00e9s<\/p>\n<p>23:30 | ASALTO AO CASTELO<\/p>\n<p>01:00 | Nativa<\/p>\n<p>02:30 | Talco<\/p>\n<p>04:00 | Tandub<\/p>\n<p>&nbsp;<\/p>\n<p><strong>DOMINGO 3 DE XULLO<\/strong><\/p>\n<p>11:00 | Visita Guiada (Castelo)<\/p>\n<p>12:30 + 17:00 | Visita Teatralizada: Quinquill\u00e1ns (Castelo)<\/p>\n<p>13:30 | Sesi\u00f3n Verm\u00fa: Medio Quinh\u00f3n (Praza Castelao)<\/p>\n<p>&nbsp;<\/p>\n","protected":false},"excerpt":{"rendered":"<p>Chega unha nova edici\u00f3n dun evento diferente, sempre interesante e atractivo. O Asalto ao Castelo de Vimianzo ter\u00e1 lugar o primeiro fin de semana do mes de xullo, concretamente o s\u00e1bado d\u00eda 2, e este ano alcanza a m\u00e1xica XXV edici\u00f3n. Este evento \u00e9 unha celebraci\u00f3n que se inspira na Gran Guerra Irmandi\u00f1a, que comezou&hellip;<\/p>\n","protected":false},"author":2,"featured_media":11072,"comment_status":"open","ping_status":"closed","template":"","tags":[2143,559,2144,2145,126,1664,2146],"mec_category":[395],"class_list":["post-11074","mec-events","type-mec-events","status-publish","has-post-thumbnail","hentry","tag-asalto-gl","tag-castelo","tag-castillo-gl","tag-coruna-provincia-gl","tag-galicia-gl","tag-irmandinos-gl","tag-vimianzo-gl","mec_category-feiras-e-mercados-medievais","description-off"],"_links":{"self":[{"href":"https:\/\/recreacionhistoria.com\/gl\/wp-json\/wp\/v2\/mec-events\/11074","targetHints":{"allow":["GET"]}}],"collection":[{"href":"https:\/\/recreacionhistoria.com\/gl\/wp-json\/wp\/v2\/mec-events"}],"about":[{"href":"https:\/\/recreacionhistoria.com\/gl\/wp-json\/wp\/v2\/types\/mec-events"}],"author":[{"embeddable":true,"href":"https:\/\/recreacionhistoria.com\/gl\/wp-json\/wp\/v2\/users\/2"}],"replies":[{"embeddable":true,"href":"https:\/\/recreacionhistoria.com\/gl\/wp-json\/wp\/v2\/comments?post=11074"}],"wp:featuredmedia":[{"embeddable":true,"href":"https:\/\/recreacionhistoria.com\/gl\/wp-json\/wp\/v2\/media\/11072"}],"wp:attachment":[{"href":"https:\/\/recreacionhistoria.com\/gl\/wp-json\/wp\/v2\/media?parent=11074"}],"wp:term":[{"taxonomy":"post_tag","embeddable":true,"href":"https:\/\/recreacionhistoria.com\/gl\/wp-json\/wp\/v2\/tags?post=11074"},{"taxonomy":"mec_category","embeddable":true,"href":"https:\/\/recreacionhistoria.com\/gl\/wp-json\/wp\/v2\/mec_category?post=11074"}],"curies":[{"name":"wp","href":"https:\/\/api.w.org\/{rel}","templated":true}]}}

<p>Chega unha nova edición dun evento diferente, sempre interesante e atractivo. O Asalto ao Castelo de Vimianzo terá lugar o primeiro fin de semana do mes de xullo, concretamente o sábado día 2, e este ano alcanza a máxica XXV edición.</p>
<p>Este evento é unha celebración que se inspira na Gran Guerra Irmandiña, que comezou no ano 1467 en toda Galicia, momento no que o pobo se sublevou contra o poder abusivo do señores feudais.</p>
<p>Coa representación teatralizada deste feito histórico, do algunha maneira simbolízanse as inxustizas, en clave de humor, surrealismo e retranca, contando coa sempre atractiva participación do público.</p>
<p>Aínda que esta representación é o eixo central da festa, ou certo é que hai un bo número de actividades que axudan a completala e mellorala. Atoparemos música, gastronomía e numerosas actividades para maiores e pequenos.</p>
<p>&nbsp;</p>
<p>Aqui tedes o programa de actividades. Podedes atopar mas información en <a href="https://www.asaltoaocastelo.gal/" target="_blank" rel="noopener">https://www.asaltoaocastelo.gal/</a></p>
<p>&nbsp;</p>
<p><strong>SÁBADO 25 DE XUÑO</strong></p>
<p>11:00 + 17:00 | Visita Guiada (Castelo)</p>
<p>21:00 | VI Legua Irmandiña (Praza do Concello-Castelo de Vimianzo)</p>
<p>&nbsp;</p>
<p><strong>DOMINGO 26 DE XUÑO</strong></p>
<p>10:30 | Ruta Teatral á Cruz do Loureiro. Diálogo co Tempo e co Lugar</p>
<p>(Praza Castelao-Castelo)</p>
<p>17:00 | Visita Guiada (Castelo)</p>
<p>&nbsp;</p>
<p><strong>DE LUNS 27 DE XUÑO…</strong></p>
<p>…A VENRES 1 10:00 a 14:00 | Semana Medieval (Campamento VimiVerán)</p>
<p>&nbsp;</p>
<p><strong>DE MARTES 28 DE XUÑO…</strong></p>
<p>…A SÁBADO 2 12:00 a 15:00 e 19:00 a 23:00 | XIII PINCHOS IRMANDIÑOS</p>
<p>…A DOMINGO 3 10:30 a 14:00 e 16:00 a 20:30 | Mostra de Artesanía en Vivo (Castelo)</p>
<p>&nbsp;</p>
<p><strong>XULLO 30 DE XUÑO</strong></p>
<p>12:00 | Xornada Internacional sobre Patrimonio Cultural e Camiños de Santiago (Casa de Cultura)</p>
<p>20:00 | Espazo Artístico Itinerante (Rúa)</p>
<p>20:00 | Des-enterro Irmandiño (Rúa)</p>
<p>&nbsp;</p>
<p><strong>VENRES 1 DE XULLO</strong></p>
<p>20:00 | Espazo Artístico Itinerante (Rúa)</p>
<p>21:00 | IV Enlace Irmandiño (Foso do Castelo)</p>
<p>21:30 | XI Cea Medieval (Foso do Castelo)</p>
<p>00:00 | Noite Meiga (Foso do Castelo)</p>
<p>00:00 | Portas Abertas: Cé Orquestra Pantasma</p>
<p>Queimada. Loita druídica: Roberto Traba vs Miguel Queiro</p>
<p>01:00 | Concertos: Monoulious Dop</p>
<p>A Banda da Balbina</p>
<p>&nbsp;</p>
<p><strong>SÁBADO 2 DE XULLO</strong></p>
<p>MAÑÁ (PRAZA DO CONCELLO, agás especificacións)</p>
<p>10:00 a 20:30 | X Feira Artesanal</p>
<p>11:00 a 13:00 | Xogoflexia. Obradoiros Infantís: Cruz Vermella</p>
<p>11:10 a 12:00 | Xogos de Mesa Irmandiños (Demo): INCUDE</p>
<p>11:30 | Xadrez: Torneo de Rápidas INCUDE</p>
<p>12:30 | Torneo de Clash Royale: INCUDE</p>
<p>12:45 | Músicas do Mundo Revolucionário: Suso Quinito</p>
<p>13:00 | Taller de Esgrima Infantil: Club Falcata HEMA</p>
<p>13:15 | Técnicas de Combate Medieval: Club Falcata HEMA</p>
<p>13:30 | Moda Medieval. Cómo vestía un soldado: Club Falcata HEMA</p>
<p>13:45 | Espazo Artístico Itinerante (Rúa)</p>
<p>13:45 | Sesión vermú ambulante: Lilicleta (Rúa)</p>
<p>&nbsp;</p>
<p>TARDE (PRAZA DO CONCELLO, agás especificacións)</p>
<p>16:00 | Torneo Internacional de Xadrez por Internet: INCUDE</p>
<p>16:00 | Aturuxos Irmandiños: Arenga Musical con Medio Quinhón</p>
<p>16:30 a 17:40 | ASALTIÑO</p>
<p>16:30 | Irrupción da Hoste dos Moscoso</p>
<p>17:00 | Concentración de Tropa (Praza Castelao)</p>
<p>17:10 | Ataque ao Castelo (Foso do Castelo)</p>
<p>17:40 | Viaxe no tempo. Historia Dramatizada do Castelo (Patio de Armas do Castelo)</p>
<p>18:15 | Moda Medieval. Cómo vestía un soldado: Club Falcata HEMA</p>
<p>18:30 | Técnicas de Combate Medieval: Club Falcata HEMA</p>
<p>18:45 | Taller de Esgrima Infantil: Club Falcata HEMA</p>
<p>19:00 | VI Irmandade Parroquial</p>
<p>19:40 | Presentación da Muiñeira de Vimianzo: Medio Quinhón</p>
<p>19:50 | Pregón + Izado da Bandeira Irmandiña</p>
<p>20:00 | Des-Concerto: Los Jinetes del Trópico</p>
<p>20:10 | Circuíto Musical (Rúa): A. C. Trubisquiña</p>
<p>Batucada As Curandeiras-Kosoko Nasera</p>
<p>Medio Quinhón</p>
<p>Batucada Rapacollón’s Big Band Fisterra</p>
<p>Lilicleta</p>
<p>21:00 | Música con Marcos:</p>
<p>Teima (Praza Castelao)</p>
<p>Sapoconcho Sem Poncho (Rúa Vázquez Mouzo)</p>
<p>&nbsp;</p>
<p>NOITE (ZONA DE CONCERTOS)</p>
<p>21:00 | CEA</p>
<p>22:00 | Sés</p>
<p>23:30 | ASALTO AO CASTELO</p>
<p>01:00 | Nativa</p>
<p>02:30 | Talco</p>
<p>04:00 | Tandub</p>
<p>&nbsp;</p>
<p><strong>DOMINGO 3 DE XULLO</strong></p>
<p>11:00 | Visita Guiada (Castelo)</p>
<p>12:30 + 17:00 | Visita Teatralizada: Quinquilláns (Castelo)</p>
<p>13:30 | Sesión Vermú: Medio Quinhón (Praza Castelao)</p>
<p>&nbsp;</p>

<p>Chega unha nova edición dun evento diferente, sempre interesante e atractivo. O Asalto ao Castelo de Vimianzo terá lugar o primeiro fin de semana do mes de xullo, concretamente o sábado día 2, e este ano alcanza a máxica XXV edición. Este evento é unha celebración que se inspira na Gran Guerra Irmandiña, que comezou&hellip;</p>
